Last updated on 2024-07-18 09:52:36 CEST.
Flavor | Version | Tinstall | Tcheck | Ttotal | Status | Flags |
---|---|---|---|---|---|---|
r-devel-linux-x86_64-debian-clang | 0.2.0.3 | 5.91 | 67.63 | 73.54 | OK | |
r-devel-linux-x86_64-debian-gcc | 0.2.0.3 | 5.03 | 51.03 | 56.06 | OK | |
r-devel-linux-x86_64-fedora-clang | 0.2.0.3 | 92.29 | OK | |||
r-devel-linux-x86_64-fedora-gcc | 0.2.0.3 | 94.41 | OK | |||
r-devel-windows-x86_64 | 0.2.0.3 | 7.00 | 85.00 | 92.00 | NOTE | |
r-patched-linux-x86_64 | 0.2.0.3 | 9.91 | 64.07 | 73.98 | OK | |
r-release-linux-x86_64 | 0.2.0.3 | 5.74 | 66.35 | 72.09 | OK | |
r-release-macos-arm64 | 0.2.0.3 | 30.00 | OK | |||
r-release-macos-x86_64 | 0.2.0.3 | 46.00 | OK | |||
r-release-windows-x86_64 | 0.2.0.3 | 7.00 | 83.00 | 90.00 | OK | |
r-oldrel-macos-arm64 | 0.2.0.3 | 31.00 | OK | |||
r-oldrel-macos-x86_64 | 0.2.0.3 | 49.00 | OK | |||
r-oldrel-windows-x86_64 | 0.2.0.3 | 9.00 | 93.00 | 102.00 | OK |
Version: 0.2.0.3
Check: Rd cross-references
Result: NOTE
Found the following Rd file(s) with Rd \link{} targets missing package
anchors:
displayCodeModal.Rd: icon
metaObserve.Rd: observe, req
metaReactive.Rd: reactive, req
metaRender.Rd: req
Please provide package anchors for all Rd \link{} targets not in the
package itself and the base packages.
Flavor: r-devel-windows-x86_64