Last updated on 2024-07-18 09:52:36 CEST.
Flavor | Version | Tinstall | Tcheck | Ttotal | Status | Flags |
---|---|---|---|---|---|---|
r-devel-linux-x86_64-debian-clang | 0.1.5 | 4.59 | 64.10 | 68.69 | OK | |
r-devel-linux-x86_64-debian-gcc | 0.1.5 | 4.37 | 46.72 | 51.09 | OK | |
r-devel-linux-x86_64-fedora-clang | 0.1.5 | 86.14 | NOTE | |||
r-devel-linux-x86_64-fedora-gcc | 0.1.5 | 80.61 | NOTE | |||
r-devel-windows-x86_64 | 0.1.5 | 8.00 | 80.00 | 88.00 | OK | |
r-patched-linux-x86_64 | 0.1.5 | 6.35 | 60.98 | 67.33 | OK | |
r-release-linux-x86_64 | 0.1.5 | 4.48 | 61.10 | 65.58 | OK | |
r-release-macos-arm64 | 0.1.5 | 28.00 | OK | |||
r-release-macos-x86_64 | 0.1.5 | 40.00 | OK | |||
r-release-windows-x86_64 | 0.1.5 | 8.00 | 75.00 | 83.00 | OK | |
r-oldrel-macos-arm64 | 0.1.5 | 28.00 | OK | |||
r-oldrel-macos-x86_64 | 0.1.5 | 43.00 | OK | |||
r-oldrel-windows-x86_64 | 0.1.5 | 8.00 | 82.00 | 90.00 | OK |
Version: 0.1.5
Check: data for non-ASCII characters
Result: NOTE
Note: found 28 marked UTF-8 strings
Flavors: r-devel-linux-x86_64-fedora-clang, r-devel-linux-x86_64-fedora-gcc