Last updated on 2024-07-18 09:52:36 CEST.
Flavor | Version | Tinstall | Tcheck | Ttotal | Status | Flags |
---|---|---|---|---|---|---|
r-devel-linux-x86_64-debian-clang | 1.1.7 | 4.58 | 66.44 | 71.02 | OK | |
r-devel-linux-x86_64-debian-gcc | 1.1.7 | 4.15 | 50.22 | 54.37 | OK | |
r-devel-linux-x86_64-fedora-clang | 1.1.7 | 91.43 | OK | |||
r-devel-linux-x86_64-fedora-gcc | 1.1.7 | 97.53 | OK | |||
r-devel-windows-x86_64 | 1.1.7 | 7.00 | 90.00 | 97.00 | NOTE | |
r-patched-linux-x86_64 | 1.1.7 | 11.20 | 64.74 | 75.94 | OK | |
r-release-linux-x86_64 | 1.1.7 | 3.11 | 62.84 | 65.95 | OK | |
r-release-macos-arm64 | 1.1.7 | 44.00 | OK | |||
r-release-macos-x86_64 | 1.1.7 | 70.00 | OK | |||
r-release-windows-x86_64 | 1.1.7 | 6.00 | 91.00 | 97.00 | OK | |
r-oldrel-macos-arm64 | 1.1.7 | 44.00 | OK | |||
r-oldrel-macos-x86_64 | 1.1.7 | 74.00 | OK | |||
r-oldrel-windows-x86_64 | 1.1.7 | 7.00 | 106.00 | 113.00 | OK |
Version: 1.1.7
Check: Rd cross-references
Result: NOTE
Found the following Rd file(s) with Rd \link{} targets missing package
anchors:
expand_tibble.Rd: tibble
Please provide package anchors for all Rd \link{} targets not in the
package itself and the base packages.
Flavor: r-devel-windows-x86_64