Last updated on 2024-07-18 09:52:36 CEST.
Flavor | Version | Tinstall | Tcheck | Ttotal | Status | Flags |
---|---|---|---|---|---|---|
r-devel-linux-x86_64-debian-clang | 0.5.6 | 10.82 | 316.22 | 327.04 | OK | |
r-devel-linux-x86_64-debian-gcc | 0.5.6 | 9.42 | 230.27 | 239.69 | OK | |
r-devel-linux-x86_64-fedora-clang | 0.5.6 | 400.20 | OK | |||
r-devel-linux-x86_64-fedora-gcc | 0.5.6 | 399.31 | OK | |||
r-devel-windows-x86_64 | 0.5.6 | 10.00 | 270.00 | 280.00 | NOTE | |
r-patched-linux-x86_64 | 0.5.6 | 17.76 | 310.49 | 328.25 | OK | |
r-release-linux-x86_64 | 0.5.6 | 9.80 | 304.29 | 314.09 | OK | |
r-release-macos-arm64 | 0.5.6 | 107.00 | OK | |||
r-release-macos-x86_64 | 0.5.6 | 171.00 | WARN | |||
r-release-windows-x86_64 | 0.5.6 | 10.00 | 278.00 | 288.00 | OK | |
r-oldrel-macos-arm64 | 0.5.6 | 121.00 | OK | |||
r-oldrel-macos-x86_64 | 0.5.6 | 226.00 | OK | |||
r-oldrel-windows-x86_64 | 0.5.6 | 13.00 | 332.00 | 345.00 | OK |
Version: 0.5.6
Check: Rd cross-references
Result: NOTE
Found the following Rd file(s) with Rd \link{} targets missing package
anchors:
NetIndClass.Rd: R6Class
Please provide package anchors for all Rd \link{} targets not in the
package itself and the base packages.
Flavor: r-devel-windows-x86_64
Version: 0.5.6
Check: re-building of vignette outputs
Result: WARN
Error(s) in re-building vignettes:
...
--- re-building ‘simcausal_vignette.Rnw’ using knitr
Error: processing vignette 'simcausal_vignette.Rnw' failed with diagnostics:
Running 'texi2dvi' on 'simcausal_vignette.tex' failed.
LaTeX errors:
! Undefined control sequence.
l.736 \hlkwd{library}\hldef
{(}\hlsng{"simcausal"}\hldef{)}
?
! Emergency stop.
! Emergency stop.
l.736
End of file on the terminal!
! ==> Fatal error occurred, no output PDF file produced!
--- failed re-building ‘simcausal_vignette.Rnw’
SUMMARY: processing the following file failed:
‘simcausal_vignette.Rnw’
Error: Vignette re-building failed.
Execution halted
Flavor: r-release-macos-x86_64