Last updated on 2024-07-18 09:52:36 CEST.
Flavor | Version | Tinstall | Tcheck | Ttotal | Status | Flags |
---|---|---|---|---|---|---|
r-devel-linux-x86_64-debian-clang | 5.0.13 | 3.26 | 33.81 | 37.07 | OK | |
r-devel-linux-x86_64-debian-gcc | 5.0.13 | 2.52 | 26.08 | 28.60 | OK | |
r-devel-linux-x86_64-fedora-clang | 5.0.13 | 48.50 | OK | |||
r-devel-linux-x86_64-fedora-gcc | 5.0.13 | 57.94 | OK | |||
r-devel-windows-x86_64 | 5.0.13 | 4.00 | 56.00 | 60.00 | NOTE | |
r-patched-linux-x86_64 | 5.0.13 | 5.65 | 31.86 | 37.51 | OK | |
r-release-linux-x86_64 | 5.0.13 | 3.05 | 33.46 | 36.51 | OK | |
r-release-macos-arm64 | 5.0.13 | 23.00 | OK | |||
r-release-macos-x86_64 | 5.0.13 | 35.00 | OK | |||
r-release-windows-x86_64 | 5.0.13 | 3.00 | 56.00 | 59.00 | OK | |
r-oldrel-macos-arm64 | 5.0.13 | 25.00 | OK | |||
r-oldrel-macos-x86_64 | 5.0.13 | 55.00 | OK | |||
r-oldrel-windows-x86_64 | 5.0.13 | 3.00 | 58.00 | 61.00 | OK |
Version: 5.0.13
Check: Rd cross-references
Result: NOTE
Found the following Rd file(s) with Rd \link{} targets missing package
anchors:
initSimplace.Rd: .jinit
Please provide package anchors for all Rd \link{} targets not in the
package itself and the base packages.
Flavor: r-devel-windows-x86_64