Last updated on 2024-07-18 09:52:36 CEST.
Flavor | Version | Tinstall | Tcheck | Ttotal | Status | Flags |
---|---|---|---|---|---|---|
r-devel-linux-x86_64-debian-clang | 1.7.1 | 227.21 | 121.46 | 348.67 | OK | |
r-devel-linux-x86_64-debian-gcc | 1.7.1 | 162.09 | 97.66 | 259.75 | OK | |
r-devel-linux-x86_64-fedora-clang | 1.7.1 | 436.75 | OK | |||
r-devel-linux-x86_64-fedora-gcc | 1.7.1 | 548.10 | OK | |||
r-devel-windows-x86_64 | 1.7.1 | 162.00 | 133.00 | 295.00 | OK | |
r-patched-linux-x86_64 | 1.7.1 | 199.44 | 127.36 | 326.80 | OK | |
r-release-linux-x86_64 | 1.7.1 | 199.01 | 127.81 | 326.82 | OK | |
r-release-macos-arm64 | 1.7.1 | 91.00 | NOTE | |||
r-release-macos-x86_64 | 1.7.1 | 113.00 | NOTE | |||
r-release-windows-x86_64 | 1.7.1 | 160.00 | 135.00 | 295.00 | OK | |
r-oldrel-macos-arm64 | 1.7.1 | 92.00 | NOTE | |||
r-oldrel-macos-x86_64 | 1.7.1 | 160.00 | NOTE | |||
r-oldrel-windows-x86_64 | 1.7.1 | 196.00 | 166.00 | 362.00 | OK |
Version: 1.7.1
Check: installed package size
Result: NOTE
installed size is 38.2Mb
sub-directories of 1Mb or more:
libs 37.6Mb
Flavors: r-release-macos-arm64, r-release-macos-x86_64, r-oldrel-macos-arm64, r-oldrel-macos-x86_64