Last updated on 2024-07-18 09:52:36 CEST.
Flavor | Version | Tinstall | Tcheck | Ttotal | Status | Flags |
---|---|---|---|---|---|---|
r-devel-linux-x86_64-debian-clang | 1.8.3 | 61.71 | 309.65 | 371.36 | NOTE | |
r-devel-linux-x86_64-debian-gcc | 1.8.3 | 36.01 | 209.69 | 245.70 | NOTE | |
r-devel-linux-x86_64-fedora-clang | 1.8.3 | 469.37 | NOTE | |||
r-devel-linux-x86_64-fedora-gcc | 1.8.3 | 467.69 | NOTE | |||
r-devel-windows-x86_64 | 1.8.3 | 45.00 | 273.00 | 318.00 | NOTE | |
r-patched-linux-x86_64 | 1.8.3 | 50.71 | 301.37 | 352.08 | NOTE | |
r-release-linux-x86_64 | 1.8.3 | 51.25 | 306.76 | 358.01 | NOTE | |
r-release-macos-arm64 | 1.8.3 | 141.00 | OK | |||
r-release-macos-x86_64 | 1.8.3 | 207.00 | OK | |||
r-release-windows-x86_64 | 1.8.3 | 46.00 | 281.00 | 327.00 | NOTE | |
r-oldrel-macos-arm64 | 1.8.3 | 169.00 | OK | |||
r-oldrel-macos-x86_64 | 1.8.3 | 356.00 | OK | |||
r-oldrel-windows-x86_64 | 1.8.3 | 45.00 | 309.00 | 354.00 | OK |
Version: 1.8.3
Check: HTML version of manual
Result: NOTE
Found the following HTML validation problems:
summary.smerc_cluster.html:48:1 (summary.smerc_cluster.Rd:15): Warning: trimming empty <dt>
Flavors: r-devel-linux-x86_64-debian-clang, r-devel-linux-x86_64-debian-gcc, r-devel-linux-x86_64-fedora-clang, r-devel-linux-x86_64-fedora-gcc, r-devel-windows-x86_64, r-patched-linux-x86_64, r-release-linux-x86_64, r-release-windows-x86_64