Last updated on 2024-07-18 09:52:36 CEST.
Flavor | Version | Tinstall | Tcheck | Ttotal | Status | Flags |
---|---|---|---|---|---|---|
r-devel-linux-x86_64-debian-clang | 1.4-1 | 10.98 | 87.65 | 98.63 | OK | |
r-devel-linux-x86_64-debian-gcc | 1.4-1 | 9.09 | 63.84 | 72.93 | OK | |
r-devel-linux-x86_64-fedora-clang | 1.4-1 | 121.40 | OK | |||
r-devel-linux-x86_64-fedora-gcc | 1.4-1 | 136.84 | OK | |||
r-devel-windows-x86_64 | 1.4-1 | 12.00 | 81.00 | 93.00 | NOTE | |
r-patched-linux-x86_64 | 1.4-1 | 12.59 | 82.13 | 94.72 | OK | |
r-release-linux-x86_64 | 1.4-1 | 9.75 | 83.70 | 93.45 | OK | |
r-release-macos-arm64 | 1.4-1 | 43.00 | OK | |||
r-release-macos-x86_64 | 1.4-1 | 69.00 | OK | |||
r-release-windows-x86_64 | 1.4-1 | 13.00 | 82.00 | 95.00 | OK | |
r-oldrel-macos-arm64 | 1.4-1 | 34.00 | OK | |||
r-oldrel-macos-x86_64 | 1.4-1 | 103.00 | OK | |||
r-oldrel-windows-x86_64 | 1.4-1 | 13.00 | 95.00 | 108.00 | OK |
Version: 1.4-1
Check: Rd cross-references
Result: NOTE
Found the following Rd file(s) with Rd \link{} targets missing package
anchors:
Incomplete-class.Rd: dgCMatrix-class, CsparseMatrix-class,
dsparseMatrix-class, generalMatrix-class, dMatrix-class,
sparseMatrix-class, compMatrix-class, Matrix-class
Please provide package anchors for all Rd \link{} targets not in the
package itself and the base packages.
Flavor: r-devel-windows-x86_64