Last updated on 2024-07-27 17:58:04 CEST.
Flavor | Version | Tinstall | Tcheck | Ttotal | Status | Flags |
---|---|---|---|---|---|---|
r-devel-linux-x86_64-debian-clang | 1.0.4 | 4.15 | 22.57 | 26.72 | OK | |
r-devel-linux-x86_64-debian-gcc | 1.0.4 | OK | ||||
r-devel-linux-x86_64-fedora-clang | 1.0.4 | 35.07 | NOTE | |||
r-devel-linux-x86_64-fedora-gcc | 1.0.4 | 34.09 | NOTE | |||
r-devel-windows-x86_64 | 1.0.4 | 5.00 | 40.00 | 45.00 | OK | |
r-patched-linux-x86_64 | 1.0.4 | OK | ||||
r-release-linux-x86_64 | 1.0.4 | 4.42 | 21.90 | 26.32 | OK | |
r-release-macos-arm64 | 1.0.4 | 17.00 | OK | |||
r-release-macos-x86_64 | 1.0.4 | 23.00 | OK | |||
r-release-windows-x86_64 | 1.0.4 | 5.00 | 40.00 | 45.00 | OK | |
r-oldrel-macos-arm64 | 1.0.4 | 16.00 | OK | |||
r-oldrel-macos-x86_64 | 1.0.4 | 25.00 | OK | |||
r-oldrel-windows-x86_64 | 1.0.4 | 7.00 | 39.00 | 46.00 | OK |
Version: 1.0.4
Check: data for non-ASCII characters
Result: NOTE
Note: found 4 marked UTF-8 strings
Flavors: r-devel-linux-x86_64-fedora-clang, r-devel-linux-x86_64-fedora-gcc