Last updated on 2024-07-18 09:52:37 CEST.
Flavor | Version | Tinstall | Tcheck | Ttotal | Status | Flags |
---|---|---|---|---|---|---|
r-devel-linux-x86_64-debian-clang | 1.3 | 293.69 | 291.97 | 585.66 | OK | |
r-devel-linux-x86_64-debian-gcc | 1.3 | 178.60 | 239.32 | 417.92 | OK | |
r-devel-linux-x86_64-fedora-clang | 1.3 | 782.74 | OK | |||
r-devel-linux-x86_64-fedora-gcc | 1.3 | 832.78 | OK | |||
r-devel-windows-x86_64 | 1.3 | 210.00 | 277.00 | 487.00 | OK | |
r-patched-linux-x86_64 | 1.3 | 225.10 | 286.56 | 511.66 | OK | |
r-release-linux-x86_64 | 1.3 | 221.41 | 287.12 | 508.53 | OK | |
r-release-macos-arm64 | 1.3 | 233.00 | NOTE | |||
r-release-macos-x86_64 | 1.3 | 306.00 | NOTE | |||
r-release-windows-x86_64 | 1.3 | 212.00 | 281.00 | 493.00 | OK | |
r-oldrel-macos-arm64 | 1.3 | 267.00 | NOTE | |||
r-oldrel-macos-x86_64 | 1.3 | 366.00 | NOTE | |||
r-oldrel-windows-x86_64 | 1.3 | 261.00 | 357.00 | 618.00 | OK |
Version: 1.3
Check: installed package size
Result: NOTE
installed size is 8.8Mb
sub-directories of 1Mb or more:
libs 8.1Mb
Flavors: r-release-macos-arm64, r-release-macos-x86_64, r-oldrel-macos-arm64, r-oldrel-macos-x86_64