Last updated on 2024-07-18 09:52:37 CEST.
Flavor | Version | Tinstall | Tcheck | Ttotal | Status | Flags |
---|---|---|---|---|---|---|
r-devel-linux-x86_64-debian-clang | 0.1.0 | 3.53 | 34.73 | 38.26 | OK | |
r-devel-linux-x86_64-debian-gcc | 0.1.0 | 3.27 | 27.47 | 30.74 | OK | |
r-devel-linux-x86_64-fedora-clang | 0.1.0 | 50.33 | NOTE | |||
r-devel-linux-x86_64-fedora-gcc | 0.1.0 | 49.11 | NOTE | |||
r-devel-windows-x86_64 | 0.1.0 | 6.00 | 49.00 | 55.00 | OK | |
r-patched-linux-x86_64 | 0.1.0 | 2.66 | 33.29 | 35.95 | OK | |
r-release-linux-x86_64 | 0.1.0 | 2.65 | 34.34 | 36.99 | OK | |
r-release-macos-arm64 | 0.1.0 | 19.00 | OK | |||
r-release-macos-x86_64 | 0.1.0 | 29.00 | OK | |||
r-release-windows-x86_64 | 0.1.0 | 6.00 | 50.00 | 56.00 | OK | |
r-oldrel-macos-arm64 | 0.1.0 | 22.00 | OK | |||
r-oldrel-macos-x86_64 | 0.1.0 | 31.00 | OK | |||
r-oldrel-windows-x86_64 | 0.1.0 | 7.00 | 54.00 | 61.00 | OK |
Version: 0.1.0
Check: data for non-ASCII characters
Result: NOTE
Note: found 199 marked UTF-8 strings
Flavors: r-devel-linux-x86_64-fedora-clang, r-devel-linux-x86_64-fedora-gcc