Last updated on 2024-07-18 09:52:36 CEST.
Flavor | Version | Tinstall | Tcheck | Ttotal | Status | Flags |
---|---|---|---|---|---|---|
r-devel-linux-x86_64-debian-clang | 1.8.6 | 30.74 | 205.17 | 235.91 | OK | |
r-devel-linux-x86_64-debian-gcc | 1.8.6 | 27.87 | 150.11 | 177.98 | OK | |
r-devel-linux-x86_64-fedora-clang | 1.8.6 | 301.97 | NOTE | |||
r-devel-linux-x86_64-fedora-gcc | 1.8.6 | 278.54 | OK | |||
r-devel-windows-x86_64 | 1.8.6 | 34.00 | 198.00 | 232.00 | OK | |
r-patched-linux-x86_64 | 1.8.6 | 46.16 | 194.81 | 240.97 | OK | |
r-release-linux-x86_64 | 1.8.6 | 32.22 | 199.50 | 231.72 | OK | |
r-release-macos-arm64 | 1.8.6 | 72.00 | NOTE | |||
r-release-macos-x86_64 | 1.8.6 | 111.00 | NOTE | |||
r-release-windows-x86_64 | 1.8.6 | 38.00 | 213.00 | 251.00 | OK | |
r-oldrel-macos-arm64 | 1.8.6 | 80.00 | NOTE | |||
r-oldrel-macos-x86_64 | 1.8.6 | 177.00 | NOTE | |||
r-oldrel-windows-x86_64 | 1.8.6 | 42.00 | 237.00 | 279.00 | OK |
Version: 1.8.6
Check: Rd cross-references
Result: NOTE
Undeclared package ‘tibble’ in Rd xrefs
Flavor: r-devel-linux-x86_64-fedora-clang
Version: 1.8.6
Check: installed package size
Result: NOTE
installed size is 5.1Mb
sub-directories of 1Mb or more:
R 2.1Mb
java 1.8Mb
Flavors: r-release-macos-arm64, r-release-macos-x86_64, r-oldrel-macos-arm64, r-oldrel-macos-x86_64