Last updated on 2024-07-18 09:52:37 CEST.
Flavor | Version | Tinstall | Tcheck | Ttotal | Status | Flags |
---|---|---|---|---|---|---|
r-devel-linux-x86_64-debian-clang | 5.5.1 | 34.70 | 447.71 | 482.41 | OK | |
r-devel-linux-x86_64-debian-gcc | 5.5.1 | 29.24 | 324.41 | 353.65 | OK | |
r-devel-linux-x86_64-fedora-clang | 5.5.1 | 597.46 | NOTE | |||
r-devel-linux-x86_64-fedora-gcc | 5.5.1 | 589.46 | OK | |||
r-devel-windows-x86_64 | 5.5.1 | 30.00 | 285.00 | 315.00 | NOTE | |
r-patched-linux-x86_64 | 5.5.1 | 39.13 | 420.00 | 459.13 | OK | |
r-release-linux-x86_64 | 5.5.1 | 29.54 | 418.71 | 448.25 | OK | |
r-release-macos-arm64 | 5.5.1 | 136.00 | NOTE | |||
r-release-macos-x86_64 | 5.5.1 | 230.00 | NOTE | |||
r-release-windows-x86_64 | 5.5.1 | 29.00 | 288.00 | 317.00 | NOTE | |
r-oldrel-macos-arm64 | 5.5.1 | 139.00 | NOTE | |||
r-oldrel-macos-x86_64 | 5.5.1 | 370.00 | NOTE | |||
r-oldrel-windows-x86_64 | 5.5.1 | 39.00 | 385.00 | 424.00 | NOTE |
Version: 5.5.1
Check: installed package size
Result: NOTE
installed size is 7.1Mb
sub-directories of 1Mb or more:
doc 5.5Mb
Flavors: r-devel-linux-x86_64-fedora-clang, r-devel-windows-x86_64, r-release-macos-arm64, r-release-macos-x86_64, r-release-windows-x86_64, r-oldrel-macos-arm64, r-oldrel-macos-x86_64, r-oldrel-windows-x86_64