Last updated on 2024-07-18 09:52:37 CEST.
Flavor | Version | Tinstall | Tcheck | Ttotal | Status | Flags |
---|---|---|---|---|---|---|
r-devel-linux-x86_64-debian-clang | 1.0.3 | 18.79 | 183.83 | 202.62 | OK | |
r-devel-linux-x86_64-debian-gcc | 1.0.3 | 13.68 | 134.48 | 148.16 | OK | |
r-devel-linux-x86_64-fedora-clang | 1.0.3 | 259.03 | NOTE | |||
r-devel-linux-x86_64-fedora-gcc | 1.0.3 | 256.38 | OK | |||
r-devel-windows-x86_64 | 1.0.3 | 19.00 | 157.00 | 176.00 | OK | |
r-patched-linux-x86_64 | 1.0.3 | 17.03 | 177.80 | 194.83 | OK | |
r-release-linux-x86_64 | 1.0.3 | 16.30 | 172.12 | 188.42 | OK | |
r-release-macos-arm64 | 1.0.3 | 76.00 | OK | |||
r-release-macos-x86_64 | 1.0.3 | 113.00 | OK | |||
r-release-windows-x86_64 | 1.0.3 | 18.00 | 159.00 | 177.00 | OK | |
r-oldrel-macos-arm64 | 1.0.3 | 85.00 | OK | |||
r-oldrel-macos-x86_64 | 1.0.3 | 126.00 | OK | |||
r-oldrel-windows-x86_64 | 1.0.3 | 23.00 | 204.00 | 227.00 | OK |
Version: 1.0.3
Check: Rd cross-references
Result: NOTE
Undeclared package ‘plyr’ in Rd xrefs
Flavor: r-devel-linux-x86_64-fedora-clang