Last updated on 2024-07-18 09:52:37 CEST.
Flavor | Version | Tinstall | Tcheck | Ttotal | Status | Flags |
---|---|---|---|---|---|---|
r-devel-linux-x86_64-debian-clang | 1.15 | 10.28 | 38.32 | 48.60 | NOTE | |
r-devel-linux-x86_64-debian-gcc | 1.15 | 7.21 | 47.43 | 54.64 | NOTE | |
r-devel-linux-x86_64-fedora-clang | 1.15 | 73.53 | NOTE | |||
r-devel-linux-x86_64-fedora-gcc | 1.15 | 82.62 | NOTE | |||
r-devel-windows-x86_64 | 1.15 | 14.00 | 63.00 | 77.00 | NOTE | |
r-patched-linux-x86_64 | 1.15 | 8.90 | 48.62 | 57.52 | NOTE | |
r-release-linux-x86_64 | 1.15 | 7.99 | 44.35 | 52.34 | NOTE | |
r-release-macos-arm64 | 1.15 | 30.00 | NOTE | |||
r-release-macos-x86_64 | 1.15 | 41.00 | NOTE | |||
r-release-windows-x86_64 | 1.15 | 13.00 | 64.00 | 77.00 | NOTE | |
r-oldrel-macos-arm64 | 1.15 | 28.00 | NOTE | |||
r-oldrel-macos-x86_64 | 1.15 | 38.00 | NOTE | |||
r-oldrel-windows-x86_64 | 1.15 | 15.00 | 71.00 | 86.00 | NOTE |
Version: 1.15
Check: C++ specification
Result: NOTE
Specified C++11: please drop specification unless essential
Flavors: r-devel-linux-x86_64-debian-clang, r-devel-linux-x86_64-debian-gcc, r-devel-linux-x86_64-fedora-clang, r-devel-linux-x86_64-fedora-gcc, r-devel-windows-x86_64, r-patched-linux-x86_64, r-release-linux-x86_64, r-release-macos-arm64, r-release-macos-x86_64, r-release-windows-x86_64, r-oldrel-macos-arm64, r-oldrel-macos-x86_64, r-oldrel-windows-x86_64