Last updated on 2024-07-18 09:52:37 CEST.
Flavor | Version | Tinstall | Tcheck | Ttotal | Status | Flags |
---|---|---|---|---|---|---|
r-devel-linux-x86_64-debian-clang | 23.9.1 | 10.19 | 105.48 | 115.67 | OK | |
r-devel-linux-x86_64-debian-gcc | 23.9.1 | 6.09 | 78.22 | 84.31 | OK | |
r-devel-linux-x86_64-fedora-clang | 23.9.1 | 146.22 | NOTE | |||
r-devel-linux-x86_64-fedora-gcc | 23.9.1 | 159.12 | NOTE | |||
r-devel-windows-x86_64 | 23.9.1 | 9.00 | 97.00 | 106.00 | OK | |
r-patched-linux-x86_64 | 23.9.1 | 10.18 | 102.13 | 112.31 | OK | |
r-release-linux-x86_64 | 23.9.1 | 7.71 | 98.89 | 106.60 | OK | |
r-release-macos-arm64 | 23.9.1 | 43.00 | OK | |||
r-release-macos-x86_64 | 23.9.1 | 69.00 | OK | |||
r-release-windows-x86_64 | 23.9.1 | 10.00 | 100.00 | 110.00 | OK | |
r-oldrel-macos-arm64 | 23.9.1 | 63.00 | OK | |||
r-oldrel-macos-x86_64 | 23.9.1 | 95.00 | OK | |||
r-oldrel-windows-x86_64 | 23.9.1 | 13.00 | 119.00 | 132.00 | OK |
Version: 23.9.1
Check: data for non-ASCII characters
Result: NOTE
Note: found 705 marked UTF-8 strings
Flavors: r-devel-linux-x86_64-fedora-clang, r-devel-linux-x86_64-fedora-gcc