Last updated on 2024-07-18 09:52:37 CEST.
Flavor | Version | Tinstall | Tcheck | Ttotal | Status | Flags |
---|---|---|---|---|---|---|
r-devel-linux-x86_64-debian-clang | 0.1.2 | 1.60 | 37.01 | 38.61 | OK | |
r-devel-linux-x86_64-debian-gcc | 0.1.2 | 1.84 | 28.86 | 30.70 | OK | |
r-devel-linux-x86_64-fedora-clang | 0.1.2 | 50.74 | NOTE | |||
r-devel-linux-x86_64-fedora-gcc | 0.1.2 | 62.89 | NOTE | |||
r-devel-windows-x86_64 | 0.1.2 | 4.00 | 51.00 | 55.00 | OK | |
r-patched-linux-x86_64 | 0.1.2 | 2.43 | 37.66 | 40.09 | OK | |
r-release-linux-x86_64 | 0.1.2 | 2.23 | 35.13 | 37.36 | OK | |
r-release-macos-arm64 | 0.1.2 | 25.00 | OK | |||
r-release-macos-x86_64 | 0.1.2 | 44.00 | OK | |||
r-release-windows-x86_64 | 0.1.2 | 4.00 | 52.00 | 56.00 | OK | |
r-oldrel-macos-arm64 | 0.1.2 | 28.00 | OK | |||
r-oldrel-macos-x86_64 | 0.1.2 | 37.00 | OK | |||
r-oldrel-windows-x86_64 | 0.1.2 | 4.00 | 55.00 | 59.00 | OK |
Version: 0.1.2
Check: data for non-ASCII characters
Result: NOTE
Note: found 14 marked UTF-8 strings
Flavors: r-devel-linux-x86_64-fedora-clang, r-devel-linux-x86_64-fedora-gcc