Last updated on 2024-07-18 09:52:37 CEST.
Flavor | Version | Tinstall | Tcheck | Ttotal | Status | Flags |
---|---|---|---|---|---|---|
r-devel-linux-x86_64-debian-clang | 1.0.8 | 8.77 | 230.41 | 239.18 | NOTE | |
r-devel-linux-x86_64-debian-gcc | 1.0.8 | 9.24 | 166.67 | 175.91 | NOTE | |
r-devel-linux-x86_64-fedora-clang | 1.0.8 | 310.57 | NOTE | |||
r-devel-linux-x86_64-fedora-gcc | 1.0.8 | 290.79 | NOTE | |||
r-devel-windows-x86_64 | 1.0.8 | 13.00 | 188.00 | 201.00 | NOTE | |
r-patched-linux-x86_64 | 1.0.8 | 16.26 | 218.29 | 234.55 | NOTE | |
r-release-linux-x86_64 | 1.0.8 | 7.27 | 216.30 | 223.57 | NOTE | |
r-release-macos-arm64 | 1.0.8 | 92.00 | NOTE | |||
r-release-macos-x86_64 | 1.0.8 | 116.00 | NOTE | |||
r-release-windows-x86_64 | 1.0.8 | 12.00 | 168.00 | 180.00 | NOTE | |
r-oldrel-macos-arm64 | 1.0.8 | 101.00 | NOTE | |||
r-oldrel-macos-x86_64 | 1.0.8 | 99.00 | NOTE | |||
r-oldrel-windows-x86_64 | 1.0.8 | 14.00 | 218.00 | 232.00 | NOTE |
Version: 1.0.8
Check: package dependencies
Result: NOTE
Package suggested but not available for checking: ‘asreml’
Flavors: r-devel-linux-x86_64-debian-clang, r-devel-linux-x86_64-debian-gcc, r-devel-linux-x86_64-fedora-clang, r-devel-linux-x86_64-fedora-gcc, r-devel-windows-x86_64, r-patched-linux-x86_64, r-release-linux-x86_64, r-release-macos-arm64, r-release-macos-x86_64, r-release-windows-x86_64, r-oldrel-macos-arm64, r-oldrel-macos-x86_64, r-oldrel-windows-x86_64
Version: 1.0.8
Check: Rd cross-references
Result: NOTE
Found the following Rd file(s) with Rd \link{} targets missing package
anchors:
FW.Rd: TD
gxeAmmi.Rd: TD
gxeFw.Rd: TD
gxeGGE.Rd: TD
gxeMegaEnv.Rd: TD
gxeStability.Rd: TD
gxeVarComp.Rd: TD
gxeVarCov.Rd: TD
Please provide package anchors for all Rd \link{} targets not in the
package itself and the base packages.
Flavor: r-devel-windows-x86_64