Last updated on 2024-07-18 09:52:37 CEST.
Flavor | Version | Tinstall | Tcheck | Ttotal | Status | Flags |
---|---|---|---|---|---|---|
r-devel-linux-x86_64-debian-clang | 0.9.6 | 110.72 | 181.15 | 291.87 | OK | |
r-devel-linux-x86_64-debian-gcc | 0.9.6 | 96.69 | 124.68 | 221.37 | OK | |
r-devel-linux-x86_64-fedora-clang | 0.9.6 | 369.82 | OK | |||
r-devel-linux-x86_64-fedora-gcc | 0.9.6 | 414.80 | OK | |||
r-devel-windows-x86_64 | 0.9.6 | 91.00 | 152.00 | 243.00 | OK | |
r-patched-linux-x86_64 | 0.9.6 | 118.33 | 166.65 | 284.98 | OK | |
r-release-linux-x86_64 | 0.9.6 | 123.04 | 165.14 | 288.18 | OK | |
r-release-macos-arm64 | 0.9.6 | 95.00 | NOTE | |||
r-release-macos-x86_64 | 0.9.6 | 119.00 | NOTE | |||
r-release-windows-x86_64 | 0.9.6 | 95.00 | 155.00 | 250.00 | OK | |
r-oldrel-macos-arm64 | 0.9.6 | 97.00 | NOTE | |||
r-oldrel-macos-x86_64 | 0.9.6 | 226.00 | NOTE | |||
r-oldrel-windows-x86_64 | 0.9.6 | 91.00 | 197.00 | 288.00 | OK |
Version: 0.9.6
Check: installed package size
Result: NOTE
installed size is 24.1Mb
sub-directories of 1Mb or more:
libs 23.9Mb
Flavors: r-release-macos-arm64, r-release-macos-x86_64, r-oldrel-macos-arm64, r-oldrel-macos-x86_64