Last updated on 2024-07-18 09:52:37 CEST.
Flavor | Version | Tinstall | Tcheck | Ttotal | Status | Flags |
---|---|---|---|---|---|---|
r-devel-linux-x86_64-debian-clang | 2.1-9 | 290.54 | 369.54 | 660.08 | OK | |
r-devel-linux-x86_64-debian-gcc | 2.1-9 | 163.87 | 259.67 | 423.54 | OK | |
r-devel-linux-x86_64-fedora-clang | 2.1-9 | 912.75 | OK | |||
r-devel-linux-x86_64-fedora-gcc | 2.1-9 | 874.33 | OK | |||
r-devel-windows-x86_64 | 2.1-9 | 214.00 | 300.00 | 514.00 | NOTE | |
r-patched-linux-x86_64 | 2.1-9 | 228.85 | 356.71 | 585.56 | OK | |
r-release-linux-x86_64 | 2.1-9 | 204.30 | 349.92 | 554.22 | OK | |
r-release-macos-arm64 | 2.1-9 | 169.00 | NOTE | |||
r-release-macos-x86_64 | 2.1-9 | 246.00 | WARN | |||
r-release-windows-x86_64 | 2.1-9 | 219.00 | 309.00 | 528.00 | OK | |
r-oldrel-macos-arm64 | 2.1-9 | 184.00 | NOTE | |||
r-oldrel-macos-x86_64 | 2.1-9 | 376.00 | NOTE | |||
r-oldrel-windows-x86_64 | 2.1-9 | 263.00 | 398.00 | 661.00 | OK |
Version: 2.1-9
Check: Rd cross-references
Result: NOTE
Found the following Rd file(s) with Rd \link{} targets missing package
anchors:
computeBounds.Rd: R.cache
critVal.Rd: R.cache, loadCache, saveCache, getCacheRootPath
stepFit.Rd: R.cache
stepR-package.Rd: R.cache
Please provide package anchors for all Rd \link{} targets not in the
package itself and the base packages.
Flavor: r-devel-windows-x86_64
Version: 2.1-9
Check: installed package size
Result: NOTE
installed size is 6.0Mb
sub-directories of 1Mb or more:
libs 4.8Mb
Flavors: r-release-macos-arm64, r-release-macos-x86_64, r-oldrel-macos-arm64, r-oldrel-macos-x86_64
Version: 2.1-9
Check: re-building of vignette outputs
Result: WARN
Error(s) in re-building vignettes:
...
--- re-building ‘StepR.Rnw’ using knitr
Error: processing vignette 'StepR.Rnw' failed with diagnostics:
Running 'texi2dvi' on 'StepR.tex' failed.
LaTeX errors:
! Undefined control sequence.
l.224 \hlkwd{set.seed}\hldef
{(}\hlnum{1}\hldef{)}
?
! Emergency stop.
! Emergency stop.
l.224
End of file on the terminal!
! ==> Fatal error occurred, no output PDF file produced!
--- failed re-building ‘StepR.Rnw’
SUMMARY: processing the following file failed:
‘StepR.Rnw’
Error: Vignette re-building failed.
Execution halted
Flavor: r-release-macos-x86_64