Last updated on 2024-07-18 09:52:37 CEST.
Flavor | Version | Tinstall | Tcheck | Ttotal | Status | Flags |
---|---|---|---|---|---|---|
r-devel-linux-x86_64-debian-clang | 1.2.5 | 11.15 | 69.54 | 80.69 | NOTE | |
r-devel-linux-x86_64-debian-gcc | 1.2.5 | 7.37 | 51.35 | 58.72 | NOTE | |
r-devel-linux-x86_64-fedora-clang | 1.2.5 | 102.37 | NOTE | |||
r-devel-linux-x86_64-fedora-gcc | 1.2.5 | 107.44 | NOTE | |||
r-devel-windows-x86_64 | 1.2.5 | 11.00 | 77.00 | 88.00 | NOTE | |
r-patched-linux-x86_64 | 1.2.5 | 8.52 | 66.75 | 75.27 | NOTE | |
r-release-linux-x86_64 | 1.2.5 | 10.17 | 66.49 | 76.66 | NOTE | |
r-release-macos-arm64 | 1.2.5 | 37.00 | NOTE | |||
r-release-macos-x86_64 | 1.2.5 | 61.00 | NOTE | |||
r-release-windows-x86_64 | 1.2.5 | 10.00 | 76.00 | 86.00 | NOTE | |
r-oldrel-macos-arm64 | 1.2.5 | 37.00 | NOTE | |||
r-oldrel-macos-x86_64 | 1.2.5 | 61.00 | NOTE | |||
r-oldrel-windows-x86_64 | 1.2.5 | 13.00 | 89.00 | 102.00 | NOTE |
Version: 1.2.5
Check: LazyData
Result: NOTE
'LazyData' is specified without a 'data' directory
Flavors: r-devel-linux-x86_64-debian-clang, r-devel-linux-x86_64-debian-gcc, r-devel-linux-x86_64-fedora-clang, r-devel-linux-x86_64-fedora-gcc, r-devel-windows-x86_64, r-patched-linux-x86_64, r-release-linux-x86_64, r-release-macos-arm64, r-release-macos-x86_64, r-release-windows-x86_64, r-oldrel-macos-arm64, r-oldrel-macos-x86_64, r-oldrel-windows-x86_64
Version: 1.2.5
Check: Rd cross-references
Result: NOTE
Found the following Rd file(s) with Rd \link{} targets missing package
anchors:
storr.Rd: R6Class
storr_dbi.Rd: digest
storr_environment.Rd: digest
storr_rds.Rd: digest
Please provide package anchors for all Rd \link{} targets not in the
package itself and the base packages.
Flavor: r-devel-windows-x86_64