Last updated on 2024-07-18 09:52:37 CEST.
Flavor | Version | Tinstall | Tcheck | Ttotal | Status | Flags |
---|---|---|---|---|---|---|
r-devel-linux-x86_64-debian-clang | 0.2.0 | 26.61 | 253.83 | 280.44 | OK | |
r-devel-linux-x86_64-debian-gcc | 0.2.0 | 15.78 | 184.44 | 200.22 | OK | |
r-devel-linux-x86_64-fedora-clang | 0.2.0 | 340.20 | NOTE | |||
r-devel-linux-x86_64-fedora-gcc | 0.2.0 | 330.21 | NOTE | |||
r-devel-windows-x86_64 | 0.2.0 | 18.00 | 181.00 | 199.00 | OK | |
r-patched-linux-x86_64 | 0.2.0 | 18.29 | 234.25 | 252.54 | OK | |
r-release-linux-x86_64 | 0.2.0 | 13.72 | 240.80 | 254.52 | OK | |
r-release-macos-arm64 | 0.2.0 | 93.00 | OK | |||
r-release-macos-x86_64 | 0.2.0 | 148.00 | OK | |||
r-release-windows-x86_64 | 0.2.0 | 18.00 | 185.00 | 203.00 | OK | |
r-oldrel-macos-arm64 | 0.2.0 | 112.00 | OK | |||
r-oldrel-macos-x86_64 | 0.2.0 | 213.00 | OK | |||
r-oldrel-windows-x86_64 | 0.2.0 | 23.00 | 240.00 | 263.00 | OK |
Version: 0.2.0
Check: data for non-ASCII characters
Result: NOTE
Note: found 1 marked UTF-8 string
Flavors: r-devel-linux-x86_64-fedora-clang, r-devel-linux-x86_64-fedora-gcc