Last updated on 2024-07-18 09:52:37 CEST.
Flavor | Version | Tinstall | Tcheck | Ttotal | Status | Flags |
---|---|---|---|---|---|---|
r-devel-linux-x86_64-debian-clang | 0.1.0-1 | 39.71 | 329.59 | 369.30 | OK | |
r-devel-linux-x86_64-debian-gcc | 0.1.0-1 | 25.01 | 212.56 | 237.57 | OK | |
r-devel-linux-x86_64-fedora-clang | 0.1.0-1 | 463.50 | NOTE | |||
r-devel-linux-x86_64-fedora-gcc | 0.1.0-1 | 453.18 | NOTE | |||
r-devel-windows-x86_64 | 0.1.0-1 | 34.00 | 305.00 | 339.00 | OK | |
r-patched-linux-x86_64 | 0.1.0-1 | 35.75 | 300.87 | 336.62 | OK | |
r-release-linux-x86_64 | 0.1.0-1 | 31.34 | 305.01 | 336.35 | OK | |
r-release-macos-arm64 | 0.1.0-1 | 106.00 | OK | |||
r-release-macos-x86_64 | 0.1.0-1 | 201.00 | OK | |||
r-release-windows-x86_64 | 0.1.0-1 | 33.00 | 300.00 | 333.00 | OK | |
r-oldrel-macos-arm64 | 0.1.0-1 | 128.00 | OK | |||
r-oldrel-macos-x86_64 | 0.1.0-1 | 204.00 | OK | |||
r-oldrel-windows-x86_64 | 0.1.0-1 | 40.00 | 365.00 | 405.00 | OK |
Version: 0.1.0-1
Check: dependencies in R code
Result: NOTE
Namespaces in Imports field not imported from:
‘doParallel’ ‘pROC’
All declared Imports should be used.
Flavors: r-devel-linux-x86_64-fedora-clang, r-devel-linux-x86_64-fedora-gcc