Last updated on 2024-07-18 09:52:37 CEST.
Flavor | Version | Tinstall | Tcheck | Ttotal | Status | Flags |
---|---|---|---|---|---|---|
r-devel-linux-x86_64-debian-clang | 1.0.0 | 56.43 | 441.85 | 498.28 | NOTE | |
r-devel-linux-x86_64-debian-gcc | 1.0.0 | 35.81 | 320.99 | 356.80 | NOTE | |
r-devel-linux-x86_64-fedora-clang | 1.0.0 | 435.36 | NOTE | |||
r-devel-linux-x86_64-fedora-gcc | 1.0.0 | 425.41 | OK | |||
r-devel-windows-x86_64 | 1.0.0 | 41.00 | 280.00 | 321.00 | NOTE | |
r-patched-linux-x86_64 | 1.0.0 | 34.46 | 420.50 | 454.96 | NOTE | |
r-release-linux-x86_64 | 1.0.0 | 38.69 | 425.98 | 464.67 | NOTE | |
r-release-macos-arm64 | 1.0.0 | 136.00 | NOTE | |||
r-release-macos-x86_64 | 1.0.0 | 212.00 | NOTE | |||
r-release-windows-x86_64 | 1.0.0 | 40.00 | 285.00 | 325.00 | NOTE | |
r-oldrel-macos-arm64 | 1.0.0 | 151.00 | NOTE | |||
r-oldrel-macos-x86_64 | 1.0.0 | 278.00 | NOTE | |||
r-oldrel-windows-x86_64 | 1.0.0 | 56.00 | 361.00 | 417.00 | NOTE |
Version: 1.0.0
Check: package dependencies
Result: NOTE
Package suggested but not available for checking: ‘INLA’
Flavors: r-devel-linux-x86_64-debian-clang, r-devel-linux-x86_64-debian-gcc, r-patched-linux-x86_64, r-release-linux-x86_64, r-release-macos-arm64, r-release-macos-x86_64, r-oldrel-macos-arm64, r-oldrel-macos-x86_64, r-oldrel-windows-x86_64
Version: 1.0.0
Check: installed package size
Result: NOTE
installed size is 5.8Mb
sub-directories of 1Mb or more:
data 2.9Mb
doc 2.5Mb
Flavors: r-devel-linux-x86_64-fedora-clang, r-devel-windows-x86_64, r-release-macos-arm64, r-release-macos-x86_64, r-release-windows-x86_64, r-oldrel-macos-arm64, r-oldrel-macos-x86_64, r-oldrel-windows-x86_64