Last updated on 2024-07-18 09:52:38 CEST.
Flavor | Version | Tinstall | Tcheck | Ttotal | Status | Flags |
---|---|---|---|---|---|---|
r-devel-linux-x86_64-debian-clang | 0.0.7.1 | 229.14 | 275.72 | 504.86 | NOTE | |
r-devel-linux-x86_64-debian-gcc | 0.0.7.1 | 186.68 | 210.69 | 397.37 | NOTE | |
r-devel-linux-x86_64-fedora-clang | 0.0.7.1 | 624.49 | NOTE | |||
r-devel-linux-x86_64-fedora-gcc | 0.0.7.1 | 774.54 | NOTE | |||
r-devel-windows-x86_64 | 0.0.7.1 | 165.00 | 240.00 | 405.00 | NOTE | |
r-patched-linux-x86_64 | 0.0.7.1 | 162.76 | 277.46 | 440.22 | NOTE | |
r-release-linux-x86_64 | 0.0.7.1 | 172.73 | 272.95 | 445.68 | NOTE | |
r-release-macos-arm64 | 0.0.7.1 | 153.00 | NOTE | |||
r-release-macos-x86_64 | 0.0.7.1 | 229.00 | NOTE | |||
r-release-windows-x86_64 | 0.0.7.1 | 171.00 | 239.00 | 410.00 | NOTE | |
r-oldrel-macos-arm64 | 0.0.7.1 | 173.00 | NOTE | |||
r-oldrel-macos-x86_64 | 0.0.7.1 | 364.00 | NOTE | |||
r-oldrel-windows-x86_64 | 0.0.7.1 | 233.00 | 296.00 | 529.00 | NOTE |
Version: 0.0.7.1
Check: for GNU extensions in Makefiles
Result: NOTE
GNU make is a SystemRequirements.
Flavors: r-devel-linux-x86_64-debian-clang, r-devel-linux-x86_64-debian-gcc, r-devel-linux-x86_64-fedora-clang, r-devel-linux-x86_64-fedora-gcc, r-devel-windows-x86_64, r-patched-linux-x86_64, r-release-linux-x86_64, r-release-macos-arm64, r-release-macos-x86_64, r-release-windows-x86_64, r-oldrel-macos-arm64, r-oldrel-macos-x86_64, r-oldrel-windows-x86_64
Version: 0.0.7.1
Check: dependencies in R code
Result: NOTE
Namespaces in Imports field not imported from:
‘RcppParallel’ ‘rstantools’
All declared Imports should be used.
Flavors: r-devel-linux-x86_64-fedora-clang, r-devel-linux-x86_64-fedora-gcc
Version: 0.0.7.1
Check: installed package size
Result: NOTE
installed size is 63.6Mb
sub-directories of 1Mb or more:
libs 63.0Mb
Flavors: r-release-macos-arm64, r-release-macos-x86_64, r-oldrel-macos-arm64, r-oldrel-macos-x86_64