Last updated on 2024-07-18 09:52:38 CEST.
Flavor | Version | Tinstall | Tcheck | Ttotal | Status | Flags |
---|---|---|---|---|---|---|
r-devel-linux-x86_64-debian-clang | 0.1.6 | 3.05 | 32.15 | 35.20 | OK | |
r-devel-linux-x86_64-debian-gcc | 0.1.6 | 1.86 | 24.67 | 26.53 | OK | |
r-devel-linux-x86_64-fedora-clang | 0.1.6 | 44.62 | NOTE | |||
r-devel-linux-x86_64-fedora-gcc | 0.1.6 | 42.86 | NOTE | |||
r-devel-windows-x86_64 | 0.1.6 | 4.00 | 49.00 | 53.00 | OK | |
r-patched-linux-x86_64 | 0.1.6 | 4.17 | 30.71 | 34.88 | OK | |
r-release-linux-x86_64 | 0.1.6 | 2.18 | 31.41 | 33.59 | OK | |
r-release-macos-arm64 | 0.1.6 | 18.00 | OK | |||
r-release-macos-x86_64 | 0.1.6 | 26.00 | OK | |||
r-release-windows-x86_64 | 0.1.6 | 4.00 | 50.00 | 54.00 | OK | |
r-oldrel-macos-arm64 | 0.1.6 | 24.00 | OK | |||
r-oldrel-macos-x86_64 | 0.1.6 | 37.00 | OK | |||
r-oldrel-windows-x86_64 | 0.1.6 | 5.00 | 53.00 | 58.00 | OK |
Version: 0.1.6
Check: dependencies in R code
Result: NOTE
Namespaces in Imports field not imported from:
‘jsonlite’ ‘readr’ ‘stringr’
All declared Imports should be used.
Flavors: r-devel-linux-x86_64-fedora-clang, r-devel-linux-x86_64-fedora-gcc