Last updated on 2024-07-18 09:52:38 CEST.
Flavor | Version | Tinstall | Tcheck | Ttotal | Status | Flags |
---|---|---|---|---|---|---|
r-devel-linux-x86_64-debian-clang | 5.1.1 | 18.97 | 135.42 | 154.39 | NOTE | |
r-devel-linux-x86_64-debian-gcc | 5.1.1 | 13.18 | 101.85 | 115.03 | NOTE | |
r-devel-linux-x86_64-fedora-clang | 5.1.1 | 194.17 | NOTE | |||
r-devel-linux-x86_64-fedora-gcc | 5.1.1 | 192.45 | NOTE | |||
r-devel-windows-x86_64 | 5.1.1 | 17.00 | 115.00 | 132.00 | NOTE | |
r-patched-linux-x86_64 | 5.1.1 | 13.40 | 127.06 | 140.46 | NOTE | |
r-release-linux-x86_64 | 5.1.1 | 17.28 | 129.79 | 147.07 | NOTE | |
r-release-macos-arm64 | 5.1.1 | 56.00 | NOTE | |||
r-release-macos-x86_64 | 5.1.1 | 89.00 | NOTE | |||
r-release-windows-x86_64 | 5.1.1 | 14.00 | 118.00 | 132.00 | NOTE | |
r-oldrel-macos-arm64 | 5.1.1 | 60.00 | OK | |||
r-oldrel-macos-x86_64 | 5.1.1 | 100.00 | OK | |||
r-oldrel-windows-x86_64 | 5.1.1 | 20.00 | 137.00 | 157.00 | OK |
Version: 5.1.1
Check: Rd files
Result: NOTE
checkRd: (-1) tabmulti.Rd:68: Lost braces
68 | \\code{yvarlabels = list(race = "Race/ethnicity", age_yrs = "Age (years)")}.}
| ^
checkRd: (-1) tabmulti.svy.Rd:67: Lost braces
67 | \\code{yvarlabels = list(race = "Race/ethnicity", age_yrs = "Age (years)")}.}
| ^
Flavors: r-devel-linux-x86_64-debian-clang, r-devel-linux-x86_64-debian-gcc, r-devel-linux-x86_64-fedora-clang, r-devel-linux-x86_64-fedora-gcc, r-devel-windows-x86_64, r-patched-linux-x86_64, r-release-linux-x86_64, r-release-macos-arm64, r-release-macos-x86_64, r-release-windows-x86_64