Last updated on 2024-07-18 09:52:38 CEST.
Flavor | Version | Tinstall | Tcheck | Ttotal | Status | Flags |
---|---|---|---|---|---|---|
r-devel-linux-x86_64-debian-clang | 0.1.0 | 5.14 | 62.14 | 67.28 | OK | |
r-devel-linux-x86_64-debian-gcc | 0.1.0 | 4.36 | 47.41 | 51.77 | OK | |
r-devel-linux-x86_64-fedora-clang | 0.1.0 | 88.86 | NOTE | |||
r-devel-linux-x86_64-fedora-gcc | 0.1.0 | 94.18 | NOTE | |||
r-devel-windows-x86_64 | 0.1.0 | 7.00 | 67.00 | 74.00 | OK | |
r-patched-linux-x86_64 | 0.1.0 | 3.78 | 57.79 | 61.57 | OK | |
r-release-linux-x86_64 | 0.1.0 | 5.52 | 59.18 | 64.70 | OK | |
r-release-macos-arm64 | 0.1.0 | 34.00 | OK | |||
r-release-macos-x86_64 | 0.1.0 | 50.00 | OK | |||
r-release-windows-x86_64 | 0.1.0 | 6.00 | 67.00 | 73.00 | OK | |
r-oldrel-macos-arm64 | 0.1.0 | 32.00 | OK | |||
r-oldrel-macos-x86_64 | 0.1.0 | 55.00 | OK | |||
r-oldrel-windows-x86_64 | 0.1.0 | 8.00 | 75.00 | 83.00 | OK |
Version: 0.1.0
Check: data for non-ASCII characters
Result: NOTE
Note: found 81 marked UTF-8 strings
Flavors: r-devel-linux-x86_64-fedora-clang, r-devel-linux-x86_64-fedora-gcc