Last updated on 2024-07-18 09:52:38 CEST.
Flavor | Version | Tinstall | Tcheck | Ttotal | Status | Flags |
---|---|---|---|---|---|---|
r-devel-linux-x86_64-debian-clang | 0.0.1 | 23.62 | 52.69 | 76.31 | OK | |
r-devel-linux-x86_64-debian-gcc | 0.0.1 | 15.41 | 38.46 | 53.87 | OK | |
r-devel-linux-x86_64-fedora-clang | 0.0.1 | 102.72 | OK | |||
r-devel-linux-x86_64-fedora-gcc | 0.0.1 | 97.96 | OK | |||
r-devel-windows-x86_64 | 0.0.1 | 23.00 | 75.00 | 98.00 | NOTE | |
r-patched-linux-x86_64 | 0.0.1 | 25.95 | 50.35 | 76.30 | OK | |
r-release-linux-x86_64 | 0.0.1 | 14.67 | 49.90 | 64.57 | OK | |
r-release-macos-arm64 | 0.0.1 | 29.00 | OK | |||
r-release-macos-x86_64 | 0.0.1 | 41.00 | OK | |||
r-release-windows-x86_64 | 0.0.1 | 23.00 | 79.00 | 102.00 | OK | |
r-oldrel-macos-arm64 | 0.0.1 | 31.00 | OK | |||
r-oldrel-macos-x86_64 | 0.0.1 | 48.00 | OK | |||
r-oldrel-windows-x86_64 | 0.0.1 | 27.00 | 89.00 | 116.00 | OK |
Version: 0.0.1
Check: Rd cross-references
Result: NOTE
Found the following Rd file(s) with Rd \link{} targets missing package
anchors:
medic.Rd: bind
Please provide package anchors for all Rd \link{} targets not in the
package itself and the base packages.
Flavor: r-devel-windows-x86_64