Last updated on 2024-07-18 09:52:38 CEST.
Flavor | Version | Tinstall | Tcheck | Ttotal | Status | Flags |
---|---|---|---|---|---|---|
r-devel-linux-x86_64-debian-clang | 0.9.0 | 10.35 | 190.62 | 200.97 | OK | |
r-devel-linux-x86_64-debian-gcc | 0.9.0 | 8.97 | 140.54 | 149.51 | OK | |
r-devel-linux-x86_64-fedora-clang | 0.9.0 | 261.14 | OK | |||
r-devel-linux-x86_64-fedora-gcc | 0.9.0 | 243.37 | OK | |||
r-devel-windows-x86_64 | 0.9.0 | 11.00 | 220.00 | 231.00 | NOTE | |
r-patched-linux-x86_64 | 0.9.0 | 22.42 | 178.64 | 201.06 | OK | |
r-release-linux-x86_64 | 0.9.0 | 9.37 | 181.09 | 190.46 | OK | |
r-release-macos-arm64 | 0.9.0 | 85.00 | OK | |||
r-release-macos-x86_64 | 0.9.0 | 120.00 | OK | |||
r-release-windows-x86_64 | 0.9.0 | 12.00 | 220.00 | 232.00 | OK | |
r-oldrel-macos-arm64 | 0.9.0 | 78.00 | OK | |||
r-oldrel-macos-x86_64 | 0.9.0 | 163.00 | OK | |||
r-oldrel-windows-x86_64 | 0.9.0 | 14.00 | 262.00 | 276.00 | OK |
Version: 0.9.0
Check: Rd cross-references
Result: NOTE
Found the following Rd file(s) with Rd \link{} targets missing package
anchors:
tar_quarto.Rd: tar_read, tar_load
tar_quarto_raw.Rd: tar_read, tar_load
tar_quarto_rep.Rd: tar_group, tar_read, tar_load
tar_quarto_rep_raw.Rd: tar_read, tar_load
tar_render.Rd: tar_read, tar_load
tar_render_raw.Rd: tar_read, tar_load
tar_render_rep.Rd: tar_group, tar_read, tar_load
tar_render_rep_raw.Rd: tar_read, tar_load
tar_rep.Rd: tar_group
Please provide package anchors for all Rd \link{} targets not in the
package itself and the base packages.
Flavor: r-devel-windows-x86_64