Last updated on 2024-07-18 09:52:38 CEST.
Flavor | Version | Tinstall | Tcheck | Ttotal | Status | Flags |
---|---|---|---|---|---|---|
r-devel-linux-x86_64-debian-clang | 0.3.0 | 11.07 | 105.16 | 116.23 | OK | |
r-devel-linux-x86_64-debian-gcc | 0.3.0 | 10.40 | 77.73 | 88.13 | OK | |
r-devel-linux-x86_64-fedora-clang | 0.3.0 | 154.47 | NOTE | |||
r-devel-linux-x86_64-fedora-gcc | 0.3.0 | 150.77 | NOTE | |||
r-devel-windows-x86_64 | 0.3.0 | 14.00 | 108.00 | 122.00 | OK | |
r-patched-linux-x86_64 | 0.3.0 | 8.93 | 98.92 | 107.85 | OK | |
r-release-linux-x86_64 | 0.3.0 | 8.48 | 100.56 | 109.04 | OK | |
r-release-macos-arm64 | 0.3.0 | 55.00 | OK | |||
r-release-macos-x86_64 | 0.3.0 | 143.00 | OK | |||
r-release-windows-x86_64 | 0.3.0 | 12.00 | 111.00 | 123.00 | OK | |
r-oldrel-macos-arm64 | 0.3.0 | 78.00 | OK | |||
r-oldrel-macos-x86_64 | 0.3.0 | 104.00 | OK | |||
r-oldrel-windows-x86_64 | 0.3.0 | 16.00 | 121.00 | 137.00 | OK |
Version: 0.3.0
Check: data for non-ASCII characters
Result: NOTE
Note: found 137 marked UTF-8 strings
Flavors: r-devel-linux-x86_64-fedora-clang, r-devel-linux-x86_64-fedora-gcc