Last updated on 2024-07-18 09:52:38 CEST.
Flavor | Version | Tinstall | Tcheck | Ttotal | Status | Flags |
---|---|---|---|---|---|---|
r-devel-linux-x86_64-debian-clang | 3.1.0 | 21.62 | 256.46 | 278.08 | OK | |
r-devel-linux-x86_64-debian-gcc | 3.1.0 | 15.18 | 193.06 | 208.24 | OK | |
r-devel-linux-x86_64-fedora-clang | 3.1.0 | 358.06 | OK | |||
r-devel-linux-x86_64-fedora-gcc | 3.1.0 | 338.51 | OK | |||
r-devel-windows-x86_64 | 3.1.0 | 17.00 | 201.00 | 218.00 | NOTE | |
r-patched-linux-x86_64 | 3.1.0 | 24.61 | 248.02 | 272.63 | OK | |
r-release-linux-x86_64 | 3.1.0 | 12.53 | 244.64 | 257.17 | OK | |
r-release-macos-arm64 | 3.1.0 | 104.00 | OK | |||
r-release-macos-x86_64 | 3.1.0 | 144.00 | OK | |||
r-release-windows-x86_64 | 3.1.0 | 18.00 | 201.00 | 219.00 | OK | |
r-oldrel-macos-arm64 | 3.1.0 | 87.00 | OK | |||
r-oldrel-macos-x86_64 | 3.1.0 | 183.00 | OK | |||
r-oldrel-windows-x86_64 | 3.1.0 | 25.00 | 233.00 | 258.00 | OK |
Version: 3.1.0
Check: Rd cross-references
Result: NOTE
Found the following Rd file(s) with Rd \link{} targets missing package
anchors:
tcplLoadConcUnit.Rd: data.table
tcplLoadData.Rd: data.table
tcplLoadUnit.Rd: data.table
tcplLvlCount.Rd: data.table
Please provide package anchors for all Rd \link{} targets not in the
package itself and the base packages.
Flavor: r-devel-windows-x86_64