Last updated on 2024-07-18 09:52:38 CEST.
Flavor | Version | Tinstall | Tcheck | Ttotal | Status | Flags |
---|---|---|---|---|---|---|
r-devel-linux-x86_64-debian-clang | 1.0.3 | 283.37 | 402.66 | 686.03 | NOTE | |
r-devel-linux-x86_64-debian-gcc | 1.0.3 | 187.17 | 277.25 | 464.42 | NOTE | |
r-devel-linux-x86_64-fedora-clang | 1.0.3 | 735.94 | NOTE | |||
r-devel-linux-x86_64-fedora-gcc | 1.0.3 | 902.13 | NOTE | |||
r-devel-windows-x86_64 | 1.0.3 | 221.00 | 276.00 | 497.00 | NOTE | |
r-patched-linux-x86_64 | 1.0.3 | 247.55 | 375.17 | 622.72 | NOTE | |
r-release-linux-x86_64 | 1.0.3 | 183.91 | 379.09 | 563.00 | NOTE | |
r-release-macos-arm64 | 1.0.3 | 175.00 | NOTE | |||
r-release-macos-x86_64 | 1.0.3 | 230.00 | NOTE | |||
r-release-windows-x86_64 | 1.0.3 | 222.00 | 282.00 | 504.00 | NOTE | |
r-oldrel-macos-arm64 | 1.0.3 | 203.00 | NOTE | |||
r-oldrel-macos-x86_64 | 1.0.3 | 354.00 | NOTE | |||
r-oldrel-windows-x86_64 | 1.0.3 | 271.00 | 364.00 | 635.00 | NOTE |
Version: 1.0.3
Check: C++ specification
Result: NOTE
Specified C++11: please drop specification unless essential
Flavors: r-devel-linux-x86_64-debian-clang, r-devel-linux-x86_64-debian-gcc, r-devel-linux-x86_64-fedora-clang, r-devel-linux-x86_64-fedora-gcc, r-devel-windows-x86_64, r-patched-linux-x86_64, r-release-linux-x86_64, r-release-macos-arm64, r-release-macos-x86_64, r-release-windows-x86_64, r-oldrel-macos-arm64, r-oldrel-macos-x86_64, r-oldrel-windows-x86_64
Version: 1.0.3
Check: installed package size
Result: NOTE
installed size is 19.2Mb
sub-directories of 1Mb or more:
data 2.4Mb
libs 16.5Mb
Flavors: r-release-macos-arm64, r-release-macos-x86_64, r-oldrel-macos-arm64, r-oldrel-macos-x86_64