Last updated on 2024-07-18 09:52:38 CEST.
Flavor | Version | Tinstall | Tcheck | Ttotal | Status | Flags |
---|---|---|---|---|---|---|
r-devel-linux-x86_64-debian-clang | 1.1.1 | 230.32 | 46.80 | 277.12 | OK | |
r-devel-linux-x86_64-debian-gcc | 1.1.1 | 150.04 | 43.62 | 193.66 | OK | |
r-devel-linux-x86_64-fedora-clang | 1.1.1 | 403.28 | OK | |||
r-devel-linux-x86_64-fedora-gcc | 1.1.1 | 456.44 | OK | |||
r-devel-windows-x86_64 | 1.1.1 | 168.00 | 85.00 | 253.00 | OK | |
r-patched-linux-x86_64 | 1.1.1 | 190.67 | 56.86 | 247.53 | OK | |
r-release-linux-x86_64 | 1.1.1 | 186.09 | 56.48 | 242.57 | OK | |
r-release-macos-arm64 | 1.1.1 | 106.00 | NOTE | |||
r-release-macos-x86_64 | 1.1.1 | 81.00 | NOTE | |||
r-release-windows-x86_64 | 1.1.1 | 168.00 | 84.00 | 252.00 | OK | |
r-oldrel-macos-arm64 | 1.1.1 | 97.00 | NOTE | |||
r-oldrel-macos-x86_64 | 1.1.1 | 147.00 | NOTE | |||
r-oldrel-windows-x86_64 | 1.1.1 | 207.00 | 98.00 | 305.00 | OK |
Version: 1.1.1
Check: installed package size
Result: NOTE
installed size is 14.9Mb
sub-directories of 1Mb or more:
libs 14.8Mb
Flavors: r-release-macos-arm64, r-release-macos-x86_64, r-oldrel-macos-arm64, r-oldrel-macos-x86_64