Last updated on 2024-07-18 09:52:38 CEST.
Flavor | Version | Tinstall | Tcheck | Ttotal | Status | Flags |
---|---|---|---|---|---|---|
r-devel-linux-x86_64-debian-clang | 0.1.5 | 47.29 | 77.77 | 125.06 | NOTE | |
r-devel-linux-x86_64-debian-gcc | 0.1.5 | 30.39 | 57.41 | 87.80 | NOTE | |
r-devel-linux-x86_64-fedora-clang | 0.1.5 | 180.13 | NOTE | |||
r-devel-linux-x86_64-fedora-gcc | 0.1.5 | 181.41 | NOTE | |||
r-devel-windows-x86_64 | 0.1.5 | 42.00 | 106.00 | 148.00 | NOTE | |
r-patched-linux-x86_64 | 0.1.5 | 38.66 | 72.55 | 111.21 | NOTE | |
r-release-linux-x86_64 | 0.1.5 | 29.37 | 72.38 | 101.75 | NOTE | |
r-release-macos-arm64 | 0.1.5 | 52.00 | NOTE | |||
r-release-macos-x86_64 | 0.1.5 | 69.00 | NOTE | |||
r-release-windows-x86_64 | 0.1.5 | 42.00 | 107.00 | 149.00 | NOTE | |
r-oldrel-macos-arm64 | 0.1.5 | 60.00 | NOTE | |||
r-oldrel-macos-x86_64 | 0.1.5 | 88.00 | NOTE | |||
r-oldrel-windows-x86_64 | 0.1.5 | 50.00 | 115.00 | 165.00 | NOTE |
Version: 0.1.5
Check: LazyData
Result: NOTE
'LazyData' is specified without a 'data' directory
Flavors: r-devel-linux-x86_64-debian-clang, r-devel-linux-x86_64-debian-gcc, r-devel-linux-x86_64-fedora-clang, r-devel-linux-x86_64-fedora-gcc, r-devel-windows-x86_64, r-patched-linux-x86_64, r-release-linux-x86_64, r-release-macos-arm64, r-release-macos-x86_64, r-release-windows-x86_64, r-oldrel-macos-arm64, r-oldrel-macos-x86_64, r-oldrel-windows-x86_64
Version: 0.1.5
Check: Rd cross-references
Result: NOTE
Undeclared package ‘tm’ in Rd xrefs
Flavor: r-devel-linux-x86_64-fedora-clang