CRAN Package Check Results for Package thestats

Last updated on 2025-07-05 23:49:36 CEST.

Flavor Version Tinstall Tcheck Ttotal Status Flags
r-devel-linux-x86_64-debian-clang 0.1.0 14.28 46.87 61.15 NOTE
r-devel-linux-x86_64-debian-gcc 0.1.0 9.84 35.18 45.02 NOTE
r-devel-linux-x86_64-fedora-clang 0.1.0 87.84 OK
r-devel-linux-x86_64-fedora-gcc 0.1.0 84.74 OK
r-devel-windows-x86_64 0.1.0 15.00 61.00 76.00 OK
r-patched-linux-x86_64 0.1.0 14.05 42.43 56.48 OK
r-release-linux-x86_64 0.1.0 14.86 41.01 55.87 OK
r-release-macos-arm64 0.1.0 50.00 OK
r-release-macos-x86_64 0.1.0 57.00 OK
r-release-windows-x86_64 0.1.0 15.00 62.00 77.00 OK
r-oldrel-macos-arm64 0.1.0 33.00 NOTE
r-oldrel-macos-x86_64 0.1.0 49.00 NOTE
r-oldrel-windows-x86_64 0.1.0 22.00 78.00 100.00 NOTE

Check Details

Version: 0.1.0
Check: CRAN incoming feasibility
Result: NOTE Maintainer: ‘Olgun Aydin <olgun.aydin@pg.edu.pl>’ No Authors@R field in DESCRIPTION. Please add one, modifying Authors@R: c(person(given = "Olgun", family = "Aydin", role = c("aut", "cre"), email = "olgun.aydin@pg.edu.pl"), person(given = "Mustafa", family = "Cavus", role = "aut")) as necessary. Flavors: r-devel-linux-x86_64-debian-clang, r-devel-linux-x86_64-debian-gcc

Version: 0.1.0
Check: installed package size
Result: NOTE installed size is 9.1Mb sub-directories of 1Mb or more: R 5.1Mb data 4.0Mb Flavors: r-oldrel-macos-arm64, r-oldrel-macos-x86_64, r-oldrel-windows-x86_64