Last updated on 2024-07-18 09:52:38 CEST.
Flavor | Version | Tinstall | Tcheck | Ttotal | Status | Flags |
---|---|---|---|---|---|---|
r-devel-linux-x86_64-debian-clang | 0.2.2 | 6.75 | 69.79 | 76.54 | NOTE | |
r-devel-linux-x86_64-debian-gcc | 0.2.2 | 6.09 | 51.51 | 57.60 | NOTE | |
r-devel-linux-x86_64-fedora-clang | 0.2.2 | 99.85 | NOTE | |||
r-devel-linux-x86_64-fedora-gcc | 0.2.2 | 103.10 | NOTE | |||
r-devel-windows-x86_64 | 0.2.2 | 7.00 | 74.00 | 81.00 | NOTE | |
r-patched-linux-x86_64 | 0.2.2 | 8.41 | 66.93 | 75.34 | NOTE | |
r-release-linux-x86_64 | 0.2.2 | 5.17 | 66.93 | 72.10 | NOTE | |
r-release-macos-arm64 | 0.2.2 | 35.00 | NOTE | |||
r-release-macos-x86_64 | 0.2.2 | 53.00 | NOTE | |||
r-release-windows-x86_64 | 0.2.2 | 8.00 | 74.00 | 82.00 | NOTE | |
r-oldrel-macos-arm64 | 0.2.2 | 37.00 | NOTE | |||
r-oldrel-macos-x86_64 | 0.2.2 | 58.00 | NOTE | |||
r-oldrel-windows-x86_64 | 0.2.2 | 10.00 | 81.00 | 91.00 | NOTE |
Version: 0.2.2
Check: LazyData
Result: NOTE
'LazyData' is specified without a 'data' directory
Flavors: r-devel-linux-x86_64-debian-clang, r-devel-linux-x86_64-debian-gcc, r-devel-linux-x86_64-fedora-clang, r-devel-linux-x86_64-fedora-gcc, r-devel-windows-x86_64, r-patched-linux-x86_64, r-release-linux-x86_64, r-release-macos-arm64, r-release-macos-x86_64, r-release-windows-x86_64, r-oldrel-macos-arm64, r-oldrel-macos-x86_64, r-oldrel-windows-x86_64