Last updated on 2024-07-18 09:52:38 CEST.
Flavor | Version | Tinstall | Tcheck | Ttotal | Status | Flags |
---|---|---|---|---|---|---|
r-devel-linux-x86_64-debian-clang | 0.2.7 | 57.02 | 656.45 | 713.47 | OK | |
r-devel-linux-x86_64-debian-gcc | 0.2.7 | 48.74 | 534.05 | 582.79 | OK | |
r-devel-linux-x86_64-fedora-clang | 0.2.7 | 777.09 | OK | |||
r-devel-linux-x86_64-fedora-gcc | 0.2.7 | 938.82 | OK | |||
r-devel-windows-x86_64 | 0.2.7 | 45.00 | 472.00 | 517.00 | NOTE | |
r-patched-linux-x86_64 | 0.2.7 | 66.00 | 664.10 | 730.10 | OK | |
r-release-linux-x86_64 | 0.2.7 | 1.10 | 2.31 | 3.41 | ERROR | |
r-release-macos-arm64 | 0.2.7 | 262.00 | OK | |||
r-release-macos-x86_64 | 0.2.7 | 481.00 | OK | |||
r-release-windows-x86_64 | 0.2.7 | 45.00 | 478.00 | 523.00 | OK | |
r-oldrel-macos-arm64 | 0.2.7 | 279.00 | OK | |||
r-oldrel-macos-x86_64 | 0.2.7 | 533.00 | OK | |||
r-oldrel-windows-x86_64 | 0.2.7 | 56.00 | 589.00 | 645.00 | OK |
Version: 0.2.7
Check: Rd cross-references
Result: NOTE
Found the following Rd file(s) with Rd \link{} targets missing package
anchors:
add_paths.Rd: lavaan
mixture_starts.Rd: mxData
Please provide package anchors for all Rd \link{} targets not in the
package itself and the base packages.
Flavor: r-devel-windows-x86_64
Version: 0.2.7
Check: package dependencies
Result: ERROR
Package required but not available: ‘blavaan’
See section ‘The DESCRIPTION file’ in the ‘Writing R Extensions’
manual.
Flavor: r-release-linux-x86_64