Last updated on 2024-07-18 09:52:38 CEST.
Flavor | Version | Tinstall | Tcheck | Ttotal | Status | Flags |
---|---|---|---|---|---|---|
r-devel-linux-x86_64-debian-clang | 1.7.9 | 8.15 | 121.76 | 129.91 | OK | |
r-devel-linux-x86_64-debian-gcc | 1.7.9 | 5.22 | 98.84 | 104.06 | OK | |
r-devel-linux-x86_64-fedora-clang | 1.7.9 | 177.10 | NOTE | |||
r-devel-linux-x86_64-fedora-gcc | 1.7.9 | 169.15 | OK | |||
r-devel-windows-x86_64 | 1.7.9 | 7.00 | 122.00 | 129.00 | NOTE | |
r-patched-linux-x86_64 | 1.7.9 | 11.62 | 122.81 | 134.43 | OK | |
r-release-linux-x86_64 | 1.7.9 | 6.50 | 125.88 | 132.38 | OK | |
r-release-macos-arm64 | 1.7.9 | 80.00 | OK | |||
r-release-macos-x86_64 | 1.7.9 | 169.00 | OK | |||
r-release-windows-x86_64 | 1.7.9 | 6.00 | 124.00 | 130.00 | OK | |
r-oldrel-macos-arm64 | 1.7.9 | 118.00 | ERROR | |||
r-oldrel-macos-x86_64 | 1.7.9 | 181.00 | ERROR | |||
r-oldrel-windows-x86_64 | 1.7.9 | 9.00 | 141.00 | 150.00 | OK |
Version: 1.7.9
Check: Rd cross-references
Result: NOTE
Undeclared packages ‘fastDummies’, ‘readr’, ‘widyr’, ‘pacman’, ‘sjmisc’ in Rd xrefs
Flavor: r-devel-linux-x86_64-fedora-clang
Version: 1.7.9
Check: Rd cross-references
Result: NOTE
Found the following Rd file(s) with Rd \link{} targets missing package
anchors:
print_options.Rd: indices
Please provide package anchors for all Rd \link{} targets not in the
package itself and the base packages.
Flavor: r-devel-windows-x86_64
Version: 1.7.9
Check: running R code from vignettes
Result: ERROR
Errors in running code in vignettes:
when running code in ‘example1_intro.Rmd’
...
264: JFK SAN 9 0.9666667 12.600000
265: EWR LAX 9 -0.3103448 -2.517241
266: JFK SEA 9 -6.6333333 8.566667
> flights %>% filter_dt(carrier == "AA") %>% group_dt(by = .(origin,
+ dest, month), at_dt("_delay", summarise_dt, mean))
When sourcing ‘example1_intro.R’:
Error: could not find function "at_dt"
Execution halted
‘benchmark.Rmd’ using ‘UTF-8’... [6s/6s] OK
‘chinese_tutorial.Rmd’ using ‘UTF-8’... [3s/5s] OK
‘english_tutorial.Rmd’ using ‘UTF-8’... [1s/1s] OK
‘example1_intro.Rmd’ using ‘UTF-8’... failed
‘example2_join.Rmd’ using ‘UTF-8’... [4s/4s] OK
‘example3_reshape.Rmd’ using ‘UTF-8’... [1s/1s] OK
‘example4_nest.Rmd’ using ‘UTF-8’... [1s/1s] OK
‘example5_fst.Rmd’ using ‘UTF-8’... [11s/13s] OK
‘example6_dt.Rmd’ using ‘UTF-8’... [1s/1s] OK
Flavor: r-oldrel-macos-arm64
Version: 1.7.9
Check: running R code from vignettes
Result: ERROR
Errors in running code in vignettes:
when running code in ‘example1_intro.Rmd’
...
264: JFK SAN 9 0.9666667 12.600000
265: EWR LAX 9 -0.3103448 -2.517241
266: JFK SEA 9 -6.6333333 8.566667
> flights %>% filter_dt(carrier == "AA") %>% group_dt(by = .(origin,
+ dest, month), at_dt("_delay", summarise_dt, mean))
When sourcing ‘example1_intro.R’:
Error: could not find function "at_dt"
Execution halted
‘benchmark.Rmd’ using ‘UTF-8’... [9s/11s] OK
‘chinese_tutorial.Rmd’ using ‘UTF-8’... [4s/5s] OK
‘english_tutorial.Rmd’ using ‘UTF-8’... [1s/1s] OK
‘example1_intro.Rmd’ using ‘UTF-8’... failed
‘example2_join.Rmd’ using ‘UTF-8’... [5s/6s] OK
‘example3_reshape.Rmd’ using ‘UTF-8’... [1s/1s] OK
‘example4_nest.Rmd’ using ‘UTF-8’... [1s/1s] OK
‘example5_fst.Rmd’ using ‘UTF-8’... [13s/17s] OK
‘example6_dt.Rmd’ using ‘UTF-8’... [1s/1s] OK
Flavor: r-oldrel-macos-x86_64