Last updated on 2024-07-18 09:52:38 CEST.
Flavor | Version | Tinstall | Tcheck | Ttotal | Status | Flags |
---|---|---|---|---|---|---|
r-devel-linux-x86_64-debian-clang | 0.1.0 | 12.23 | 103.36 | 115.59 | OK | |
r-devel-linux-x86_64-debian-gcc | 0.1.0 | 10.12 | 75.85 | 85.97 | OK | |
r-devel-linux-x86_64-fedora-clang | 0.1.0 | 146.62 | NOTE | |||
r-devel-linux-x86_64-fedora-gcc | 0.1.0 | 133.88 | NOTE | |||
r-devel-windows-x86_64 | 0.1.0 | 11.00 | 91.00 | 102.00 | NOTE | |
r-patched-linux-x86_64 | 0.1.0 | 15.57 | 96.93 | 112.50 | OK | |
r-release-linux-x86_64 | 0.1.0 | 8.07 | 99.07 | 107.14 | OK | |
r-release-macos-arm64 | 0.1.0 | 43.00 | OK | |||
r-release-macos-x86_64 | 0.1.0 | 97.00 | OK | |||
r-release-windows-x86_64 | 0.1.0 | 12.00 | 92.00 | 104.00 | OK | |
r-oldrel-macos-arm64 | 0.1.0 | 46.00 | OK | |||
r-oldrel-macos-x86_64 | 0.1.0 | 70.00 | OK | |||
r-oldrel-windows-x86_64 | 0.1.0 | 16.00 | 107.00 | 123.00 | OK |
Version: 0.1.0
Check: dependencies in R code
Result: NOTE
Namespace in Imports field not imported from: ‘reticulate’
All declared Imports should be used.
Flavors: r-devel-linux-x86_64-fedora-clang, r-devel-linux-x86_64-fedora-gcc
Version: 0.1.0
Check: Rd cross-references
Result: NOTE
Found the following Rd file(s) with Rd \link{} targets missing package
anchors:
group_by.Rd: group_by_drop_default
Please provide package anchors for all Rd \link{} targets not in the
package itself and the base packages.
Flavor: r-devel-windows-x86_64