Last updated on 2024-07-18 09:52:38 CEST.
Flavor | Version | Tinstall | Tcheck | Ttotal | Status | Flags |
---|---|---|---|---|---|---|
r-devel-linux-x86_64-debian-clang | 0.9.1 | 4.74 | 47.02 | 51.76 | OK | |
r-devel-linux-x86_64-debian-gcc | 0.9.1 | 3.50 | 35.70 | 39.20 | OK | |
r-devel-linux-x86_64-fedora-clang | 0.9.1 | 68.19 | NOTE | |||
r-devel-linux-x86_64-fedora-gcc | 0.9.1 | 74.69 | NOTE | |||
r-devel-windows-x86_64 | 0.9.1 | 6.00 | 56.00 | 62.00 | OK | |
r-patched-linux-x86_64 | 0.9.1 | 3.68 | 45.71 | 49.39 | OK | |
r-release-linux-x86_64 | 0.9.1 | 3.78 | 45.62 | 49.40 | OK | |
r-release-macos-arm64 | 0.9.1 | 29.00 | OK | |||
r-release-macos-x86_64 | 0.9.1 | 42.00 | OK | |||
r-release-windows-x86_64 | 0.9.1 | 6.00 | 57.00 | 63.00 | OK | |
r-oldrel-macos-arm64 | 0.9.1 | 32.00 | OK | |||
r-oldrel-macos-x86_64 | 0.9.1 | 44.00 | OK | |||
r-oldrel-windows-x86_64 | 0.9.1 | 6.00 | 59.00 | 65.00 | OK |
Version: 0.9.1
Check: data for non-ASCII characters
Result: NOTE
Note: found 34206 marked UTF-8 strings
Flavors: r-devel-linux-x86_64-fedora-clang, r-devel-linux-x86_64-fedora-gcc