Last updated on 2024-07-18 09:52:38 CEST.
Flavor | Version | Tinstall | Tcheck | Ttotal | Status | Flags |
---|---|---|---|---|---|---|
r-devel-linux-x86_64-debian-clang | 1.0.10 | 212.36 | 65.06 | 277.42 | OK | |
r-devel-linux-x86_64-debian-gcc | 1.0.10 | 129.31 | 48.76 | 178.07 | OK | |
r-devel-linux-x86_64-fedora-clang | 1.0.10 | 411.60 | OK | |||
r-devel-linux-x86_64-fedora-gcc | 1.0.10 | 420.22 | OK | |||
r-devel-windows-x86_64 | 1.0.10 | 164.00 | 96.00 | 260.00 | OK | |
r-patched-linux-x86_64 | 1.0.10 | 171.82 | 62.93 | 234.75 | OK | |
r-release-linux-x86_64 | 1.0.10 | 177.73 | 63.50 | 241.23 | OK | |
r-release-macos-arm64 | 1.0.10 | 80.00 | NOTE | |||
r-release-macos-x86_64 | 1.0.10 | 84.00 | NOTE | |||
r-release-windows-x86_64 | 1.0.10 | 166.00 | 100.00 | 266.00 | OK | |
r-oldrel-macos-arm64 | 1.0.10 | 114.00 | NOTE | |||
r-oldrel-macos-x86_64 | 1.0.10 | 160.00 | NOTE | |||
r-oldrel-windows-x86_64 | 1.0.10 | 206.00 | 109.00 | 315.00 | OK |
Version: 1.0.10
Check: installed package size
Result: NOTE
installed size is 9.6Mb
sub-directories of 1Mb or more:
libs 8.6Mb
Flavors: r-release-macos-arm64, r-release-macos-x86_64, r-oldrel-macos-arm64, r-oldrel-macos-x86_64