Last updated on 2024-07-18 09:52:38 CEST.
Flavor | Version | Tinstall | Tcheck | Ttotal | Status | Flags |
---|---|---|---|---|---|---|
r-devel-linux-x86_64-debian-clang | 0.1.0 | 8.36 | 163.97 | 172.33 | NOTE | |
r-devel-linux-x86_64-debian-gcc | 0.1.0 | 6.12 | 129.00 | 135.12 | NOTE | |
r-devel-linux-x86_64-fedora-clang | 0.1.0 | 234.23 | NOTE | |||
r-devel-linux-x86_64-fedora-gcc | 0.1.0 | 296.04 | NOTE | |||
r-devel-windows-x86_64 | 0.1.0 | 8.00 | 142.00 | 150.00 | NOTE | |
r-patched-linux-x86_64 | 0.1.0 | 8.33 | 139.23 | 147.56 | NOTE | |
r-release-linux-x86_64 | 0.1.0 | 6.28 | 139.02 | 145.30 | NOTE | |
r-release-macos-arm64 | 0.1.0 | 81.00 | NOTE | |||
r-release-macos-x86_64 | 0.1.0 | 139.00 | NOTE | |||
r-release-windows-x86_64 | 0.1.0 | 8.00 | 140.00 | 148.00 | NOTE | |
r-oldrel-macos-arm64 | 0.1.0 | 89.00 | OK | |||
r-oldrel-macos-x86_64 | 0.1.0 | 139.00 | OK | |||
r-oldrel-windows-x86_64 | 0.1.0 | 10.00 | 170.00 | 180.00 | OK |
Version: 0.1.0
Check: Rd files
Result: NOTE
checkRd: (-1) partition_undirected_graph.Rd:20: Lost braces; missing escapes or markup?
20 | \item{cutoff}{Numeric. The value max(0, g_{i,j} - cutoff) so that there are <\code{.num_components}> components in the graph.}
| ^
Flavors: r-devel-linux-x86_64-debian-clang, r-devel-linux-x86_64-debian-gcc, r-devel-linux-x86_64-fedora-clang, r-devel-linux-x86_64-fedora-gcc, r-devel-windows-x86_64, r-patched-linux-x86_64, r-release-linux-x86_64, r-release-macos-arm64, r-release-macos-x86_64, r-release-windows-x86_64