Last updated on 2024-07-18 09:52:38 CEST.
Flavor | Version | Tinstall | Tcheck | Ttotal | Status | Flags |
---|---|---|---|---|---|---|
r-devel-linux-x86_64-debian-clang | 0.13.0 | 1017.84 | 366.93 | 1384.77 | NOTE | |
r-devel-linux-x86_64-debian-gcc | 0.13.0 | 838.06 | 266.96 | 1105.02 | NOTE | |
r-devel-linux-x86_64-fedora-clang | 0.13.0 | 1802.13 | NOTE | |||
r-devel-linux-x86_64-fedora-gcc | 0.13.0 | 2326.16 | NOTE | |||
r-devel-windows-x86_64 | 0.13.0 | 857.00 | 577.00 | 1434.00 | NOTE | |
r-patched-linux-x86_64 | 0.13.0 | 956.57 | 357.02 | 1313.59 | OK | |
r-release-linux-x86_64 | 0.13.0 | 981.00 | 356.97 | 1337.97 | OK | |
r-release-macos-arm64 | 0.13.0 | 470.00 | NOTE | |||
r-release-macos-x86_64 | 0.13.0 | 574.00 | NOTE | |||
r-release-windows-x86_64 | 0.13.0 | 858.00 | 586.00 | 1444.00 | NOTE | |
r-oldrel-macos-arm64 | 0.13.0 | 460.00 | NOTE | |||
r-oldrel-macos-x86_64 | 0.13.0 | 901.00 | NOTE | |||
r-oldrel-windows-x86_64 | 0.13.0 | 1082.00 | 720.00 | 1802.00 | NOTE |
Version: 0.13.0
Check: compiled code
Result: NOTE
File ‘torch/libs/torch.so’:
Found non-API calls to R: ‘PRCODE’, ‘PRENV’, ‘Rf_findVarInFrame3’
File ‘torch/libs/torchpkg.so’:
Found non-API calls to R: ‘PRCODE’, ‘PRENV’, ‘Rf_findVarInFrame3’
Compiled code should not call non-API entry points in R.
See ‘Writing portable packages’ in the ‘Writing R Extensions’ manual,
and section ‘Moving into C API compliance’ for issues with the use of
non-API entry points.
Flavors: r-devel-linux-x86_64-debian-clang, r-devel-linux-x86_64-debian-gcc, r-devel-linux-x86_64-fedora-clang, r-devel-linux-x86_64-fedora-gcc
Version: 0.13.0
Check: installed package size
Result: NOTE
installed size is 36.0Mb
sub-directories of 1Mb or more:
R 5.6Mb
help 1.7Mb
include 1.8Mb
libs 26.2Mb
Flavors: r-devel-linux-x86_64-fedora-clang, r-devel-windows-x86_64, r-release-macos-arm64, r-release-macos-x86_64, r-release-windows-x86_64, r-oldrel-macos-arm64, r-oldrel-macos-x86_64, r-oldrel-windows-x86_64
Version: 0.13.0
Check: Rd cross-references
Result: NOTE
Found the following Rd file(s) with Rd \link{} targets missing package
anchors:
linalg_matrix_norm.Rd: int
linalg_norm.Rd: int
linalg_tensorsolve.Rd: int
linalg_vector_norm.Rd: int
Please provide package anchors for all Rd \link{} targets not in the
package itself and the base packages.
Flavor: r-devel-windows-x86_64
Version: 0.13.0
Check: compiled code
Result: NOTE
File 'torch/libs/x64/torch.dll':
Found non-API calls to R: 'PRCODE', 'PRENV', 'Rf_findVarInFrame3'
File 'torch/libs/x64/torchpkg.dll':
Found non-API calls to R: 'PRCODE', 'PRENV', 'Rf_findVarInFrame3'
Compiled code should not call non-API entry points in R.
See 'Writing portable packages' in the 'Writing R Extensions' manual,
and section 'Moving into C API compliance' for issues with the use of
non-API entry points.
Flavor: r-devel-windows-x86_64