Last updated on 2024-07-18 09:52:38 CEST.
Flavor | Version | Tinstall | Tcheck | Ttotal | Status | Flags |
---|---|---|---|---|---|---|
r-devel-linux-x86_64-debian-clang | 0.0-4 | 8.02 | 411.06 | 419.08 | OK | |
r-devel-linux-x86_64-debian-gcc | 0.0-4 | 7.26 | 307.19 | 314.45 | OK | |
r-devel-linux-x86_64-fedora-clang | 0.0-4 | 521.25 | OK | |||
r-devel-linux-x86_64-fedora-gcc | 0.0-4 | 521.68 | OK | |||
r-devel-windows-x86_64 | 0.0-4 | 9.00 | 319.00 | 328.00 | OK | |
r-patched-linux-x86_64 | 0.0-4 | 8.06 | 415.21 | 423.27 | OK | |
r-release-linux-x86_64 | 0.0-4 | 8.28 | 415.11 | 423.39 | OK | |
r-release-macos-arm64 | 0.0-4 | 136.00 | OK | |||
r-release-macos-x86_64 | 0.0-4 | 249.00 | WARN | |||
r-release-windows-x86_64 | 0.0-4 | 9.00 | 327.00 | 336.00 | OK | |
r-oldrel-macos-arm64 | 0.0-4 | 140.00 | OK | |||
r-oldrel-macos-x86_64 | 0.0-4 | 178.00 | NOTE | |||
r-oldrel-windows-x86_64 | 0.0-4 | 11.00 | 412.00 | 423.00 | OK |
Version: 0.0-4
Check: re-building of vignette outputs
Result: WARN
Error(s) in re-building vignettes:
...
--- re-building ‘tramvs.Rnw’ using knitr
Error: processing vignette 'tramvs.Rnw' failed with diagnostics:
Running 'texi2dvi' on 'tramvs.tex' failed.
LaTeX errors:
! Undefined control sequence.
l.257 \hlkwd{args}\hldef
{(abess_tram)}
?
! Emergency stop.
! Emergency stop.
l.257
End of file on the terminal!
! ==> Fatal error occurred, no output PDF file produced!
--- failed re-building ‘tramvs.Rnw’
SUMMARY: processing the following file failed:
‘tramvs.Rnw’
Error: Vignette re-building failed.
Execution halted
Flavor: r-release-macos-x86_64
Version: 0.0-4
Check: package dependencies
Result: NOTE
Package suggested but not available for checking: ‘tramnet’
Flavor: r-oldrel-macos-x86_64
Version: 0.0-4
Check: re-building of vignette outputs
Result: NOTE
Note: skipping ‘tramvs.Rnw’ due to unavailable dependencies: 'tramnet'
Flavor: r-oldrel-macos-x86_64