Last updated on 2024-07-27 17:58:06 CEST.
Flavor | Version | Tinstall | Tcheck | Ttotal | Status | Flags |
---|---|---|---|---|---|---|
r-devel-linux-x86_64-debian-clang | 0.6 | 3.16 | 26.28 | 29.44 | NOTE | |
r-devel-linux-x86_64-debian-gcc | 0.6 | NOTE | ||||
r-devel-linux-x86_64-fedora-clang | 0.6 | 38.60 | NOTE | |||
r-devel-linux-x86_64-fedora-gcc | 0.6 | 38.41 | NOTE | |||
r-devel-windows-x86_64 | 0.6 | 3.00 | 45.00 | 48.00 | NOTE | |
r-patched-linux-x86_64 | 0.6 | NOTE | ||||
r-release-linux-x86_64 | 0.6 | 3.48 | 26.11 | 29.59 | NOTE | |
r-release-macos-arm64 | 0.6 | 15.00 | NOTE | |||
r-release-macos-x86_64 | 0.6 | 22.00 | NOTE | |||
r-release-windows-x86_64 | 0.6 | 4.00 | 44.00 | 48.00 | NOTE | |
r-oldrel-macos-arm64 | 0.6 | 16.00 | NOTE | |||
r-oldrel-macos-x86_64 | 0.6 | 24.00 | NOTE | |||
r-oldrel-windows-x86_64 | 0.6 | 4.00 | 44.00 | 48.00 | NOTE |
Version: 0.6
Check: DESCRIPTION meta-information
Result: NOTE
Malformed Title field: should not end in a period.
Flavors: r-devel-linux-x86_64-debian-clang, r-devel-linux-x86_64-debian-gcc, r-devel-linux-x86_64-fedora-clang, r-devel-linux-x86_64-fedora-gcc, r-devel-windows-x86_64, r-patched-linux-x86_64, r-release-linux-x86_64, r-release-macos-arm64, r-release-macos-x86_64, r-release-windows-x86_64, r-oldrel-macos-arm64, r-oldrel-macos-x86_64, r-oldrel-windows-x86_64