Last updated on 2024-07-18 09:52:39 CEST.
Flavor | Version | Tinstall | Tcheck | Ttotal | Status | Flags |
---|---|---|---|---|---|---|
r-devel-linux-x86_64-debian-clang | 0.1.9 | 2.73 | 30.69 | 33.42 | OK | |
r-devel-linux-x86_64-debian-gcc | 0.1.9 | 1.74 | 24.01 | 25.75 | OK | |
r-devel-linux-x86_64-fedora-clang | 0.1.9 | 44.97 | OK | |||
r-devel-linux-x86_64-fedora-gcc | 0.1.9 | 54.58 | OK | |||
r-devel-windows-x86_64 | 0.1.9 | 3.00 | 59.00 | 62.00 | OK | |
r-patched-linux-x86_64 | 0.1.9 | 2.59 | 30.17 | 32.76 | OK | |
r-release-linux-x86_64 | 0.1.9 | 1.82 | 30.61 | 32.43 | OK | |
r-release-macos-arm64 | 0.1.9 | 23.00 | OK | |||
r-release-macos-x86_64 | 0.1.9 | 36.00 | WARN | |||
r-release-windows-x86_64 | 0.1.9 | 4.00 | 61.00 | 65.00 | OK | |
r-oldrel-macos-arm64 | 0.1.9 | 29.00 | OK | |||
r-oldrel-macos-x86_64 | 0.1.9 | 52.00 | OK | |||
r-oldrel-windows-x86_64 | 0.1.9 | 4.00 | 59.00 | 63.00 | OK |
Version: 0.1.9
Check: re-building of vignette outputs
Result: WARN
Error(s) in re-building vignettes:
...
--- re-building ‘turner_introduction.Rnw’ using knitr
Error: processing vignette 'turner_introduction.Rnw' failed with diagnostics:
Running 'texi2dvi' on 'turner_introduction.tex' failed.
LaTeX errors:
! Undefined control sequence.
l.114 \hlkwd{library}\hldef
{(turner)}
?
! Emergency stop.
! Emergency stop.
l.114
End of file on the terminal!
! ==> Fatal error occurred, no output PDF file produced!
--- failed re-building ‘turner_introduction.Rnw’
SUMMARY: processing the following file failed:
‘turner_introduction.Rnw’
Error: Vignette re-building failed.
Execution halted
Flavor: r-release-macos-x86_64