Last updated on 2024-07-18 09:52:39 CEST.
Flavor | Version | Tinstall | Tcheck | Ttotal | Status | Flags |
---|---|---|---|---|---|---|
r-devel-linux-x86_64-debian-clang | 2.6 | 25.91 | 162.09 | 188.00 | OK | --no-vignettes |
r-devel-linux-x86_64-debian-gcc | 2.6 | 16.63 | 115.67 | 132.30 | OK | --no-vignettes |
r-devel-linux-x86_64-fedora-clang | 2.6 | 263.85 | ERROR | |||
r-devel-linux-x86_64-fedora-gcc | 2.6 | 236.70 | ERROR | |||
r-devel-windows-x86_64 | 2.6 | 23.00 | 123.00 | 146.00 | NOTE | --no-vignettes |
r-patched-linux-x86_64 | 2.6 | 22.85 | 149.24 | 172.09 | OK | --no-vignettes |
r-release-linux-x86_64 | 2.6 | 20.53 | 148.45 | 168.98 | OK | --no-vignettes |
r-release-macos-arm64 | 2.6 | 99.00 | OK | |||
r-release-macos-x86_64 | 2.6 | 162.00 | OK | |||
r-release-windows-x86_64 | 2.6 | 23.00 | 128.00 | 151.00 | OK | --no-vignettes |
r-oldrel-macos-arm64 | 2.6 | 131.00 | OK | |||
r-oldrel-macos-x86_64 | 2.6 | 247.00 | OK | |||
r-oldrel-windows-x86_64 | 2.6 | 28.00 | 153.00 | 181.00 | OK | --no-vignettes |
Version: 2.6
Check: re-building of vignette outputs
Result: ERROR
Error(s) in re-building vignettes:
--- re-building ‘iptw.rnw’ using Sweave
To reproduce results from prior versions of the twang package, please see the version="legacy" option described in the documentation.
Loading required package: grid
Loading required package: Matrix
Loading required package: survival
Attaching package: ‘survey’
The following object is masked from ‘package:graphics’:
dotchart
--- finished re-building ‘iptw.rnw’
--- re-building ‘mnps.rnw’ using Sweave
To reproduce results from prior versions of the twang package, please see the version="legacy" option described in the documentation.
Loading required package: grid
Loading required package: Matrix
Loading required package: survival
Attaching package: ‘survey’
The following object is masked from ‘package:graphics’:
dotchart
Error: processing vignette 'mnps.rnw' failed with diagnostics:
chunk 26
Error in gbm.fit(x = x, y = y, offset = offset, distribution = distribution, :
Bernoulli requires the response to be numeric in {0,1}
--- failed re-building ‘mnps.rnw’
--- re-building ‘twang.rnw’ using Sweave
To reproduce results from prior versions of the twang package, please see the version="legacy" option described in the documentation.
Loading required package: grid
Loading required package: Matrix
Loading required package: survival
Attaching package: ‘survey’
The following object is masked from ‘package:graphics’:
dotchart
--- finished re-building ‘twang.rnw’
SUMMARY: processing the following file failed:
‘mnps.rnw’
Error: Vignette re-building failed.
Execution halted
Flavors: r-devel-linux-x86_64-fedora-clang, r-devel-linux-x86_64-fedora-gcc
Version: 2.6
Flags: --no-vignettes
Check: Rd cross-references
Result: NOTE
Found the following Rd file(s) with Rd \link{} targets missing package
anchors:
iptw.Rd: gbm, xgboost
mnps.Rd: gbm, xgboost
ps.Rd: gbm, xgboost
Please provide package anchors for all Rd \link{} targets not in the
package itself and the base packages.
Flavor: r-devel-windows-x86_64