Last updated on 2024-07-18 09:52:39 CEST.
Flavor | Version | Tinstall | Tcheck | Ttotal | Status | Flags |
---|---|---|---|---|---|---|
r-devel-linux-x86_64-debian-clang | 0.4.0 | 5.45 | 50.72 | 56.17 | NOTE | |
r-devel-linux-x86_64-debian-gcc | 0.4.0 | 3.64 | 38.12 | 41.76 | NOTE | |
r-devel-linux-x86_64-fedora-clang | 0.4.0 | 72.13 | NOTE | |||
r-devel-linux-x86_64-fedora-gcc | 0.4.0 | 92.81 | NOTE | |||
r-devel-windows-x86_64 | 0.4.0 | 6.00 | 59.00 | 65.00 | NOTE | |
r-patched-linux-x86_64 | 0.4.0 | 4.93 | 49.01 | 53.94 | NOTE | |
r-release-linux-x86_64 | 0.4.0 | 4.45 | 49.21 | 53.66 | NOTE | |
r-release-macos-arm64 | 0.4.0 | 36.00 | NOTE | |||
r-release-macos-x86_64 | 0.4.0 | 55.00 | NOTE | |||
r-release-windows-x86_64 | 0.4.0 | 6.00 | 60.00 | 66.00 | NOTE | |
r-oldrel-macos-arm64 | 0.4.0 | 36.00 | NOTE | |||
r-oldrel-macos-x86_64 | 0.4.0 | 73.00 | NOTE | |||
r-oldrel-windows-x86_64 | 0.4.0 | 7.00 | 63.00 | 70.00 | NOTE |
Version: 0.4.0
Check: LazyData
Result: NOTE
'LazyData' is specified without a 'data' directory
Flavors: r-devel-linux-x86_64-debian-clang, r-devel-linux-x86_64-debian-gcc, r-devel-linux-x86_64-fedora-clang, r-devel-linux-x86_64-fedora-gcc, r-devel-windows-x86_64, r-patched-linux-x86_64, r-release-linux-x86_64, r-release-macos-arm64, r-release-macos-x86_64, r-release-windows-x86_64, r-oldrel-macos-arm64, r-oldrel-macos-x86_64, r-oldrel-windows-x86_64