Last updated on 2024-07-18 09:52:39 CEST.
Flavor | Version | Tinstall | Tcheck | Ttotal | Status | Flags |
---|---|---|---|---|---|---|
r-devel-linux-x86_64-debian-clang | 1.7.3 | 78.32 | 39.65 | 117.97 | NOTE | |
r-devel-linux-x86_64-debian-gcc | 1.7.3 | 52.43 | 30.47 | 82.90 | NOTE | |
r-devel-linux-x86_64-fedora-clang | 1.7.3 | 179.20 | NOTE | |||
r-devel-linux-x86_64-fedora-gcc | 1.7.3 | 195.81 | NOTE | |||
r-devel-windows-x86_64 | 1.7.3 | 65.00 | 74.00 | 139.00 | NOTE | |
r-patched-linux-x86_64 | 1.7.3 | 67.69 | 38.26 | 105.95 | NOTE | |
r-release-linux-x86_64 | 1.7.3 | 68.17 | 38.59 | 106.76 | NOTE | |
r-release-macos-arm64 | 1.7.3 | 48.00 | NOTE | |||
r-release-macos-x86_64 | 1.7.3 | 54.00 | NOTE | |||
r-release-windows-x86_64 | 1.7.3 | 67.00 | 74.00 | 141.00 | NOTE | |
r-oldrel-macos-arm64 | 1.7.3 | 50.00 | OK | |||
r-oldrel-macos-x86_64 | 1.7.3 | 83.00 | OK | |||
r-oldrel-windows-x86_64 | 1.7.3 | 82.00 | 83.00 | 165.00 | OK |
Version: 1.7.3
Check: Rd files
Result: NOTE
checkRd: (-1) encoder.Rd:32-37: Lost braces in \itemize; meant \describe ?
checkRd: (-1) encoder.Rd:38-44: Lost braces in \itemize; meant \describe ?
checkRd: (-1) encoder.Rd:45-48: Lost braces in \itemize; meant \describe ?
Flavors: r-devel-linux-x86_64-debian-clang, r-devel-linux-x86_64-debian-gcc, r-devel-linux-x86_64-fedora-clang, r-devel-linux-x86_64-fedora-gcc, r-devel-windows-x86_64, r-patched-linux-x86_64, r-release-linux-x86_64, r-release-macos-arm64, r-release-macos-x86_64, r-release-windows-x86_64
Version: 1.7.3
Check: Rd cross-references
Result: NOTE
Undeclared package ‘httr’ in Rd xrefs
Flavor: r-devel-linux-x86_64-fedora-clang
Version: 1.7.3
Check: data for non-ASCII characters
Result: NOTE
Note: found 488 marked UTF-8 strings
Flavors: r-devel-linux-x86_64-fedora-clang, r-devel-linux-x86_64-fedora-gcc